CRAN Package Check Results for Package GENEAread

Last updated on 2022-10-01 10:51:53 CEST.

Flavor Version Tinstall Tcheck Ttotal Status Flags
r-devel-linux-x86_64-debian-clang 2.0.9 6.55 43.42 49.97 NOTE
r-devel-linux-x86_64-debian-gcc 2.0.9 4.91 32.93 37.84 NOTE
r-devel-linux-x86_64-fedora-clang 2.0.9 72.94 NOTE
r-devel-linux-x86_64-fedora-gcc 2.0.9 69.56 NOTE
r-devel-windows-x86_64 2.0.9 31.00 71.00 102.00 NOTE
r-patched-linux-x86_64 2.0.9 6.82 41.22 48.04 NOTE
r-release-linux-x86_64 2.0.9 4.65 40.67 45.32 NOTE
r-release-macos-arm64 2.0.9 24.00 NOTE
r-release-macos-x86_64 2.0.9 33.00 NOTE
r-release-windows-x86_64 2.0.9 41.00 71.00 112.00 NOTE
r-oldrel-macos-arm64 2.0.9 28.00 NOTE
r-oldrel-macos-x86_64 2.0.9 44.00 NOTE
r-oldrel-windows-ix86+x86_64 2.0.9 11.00 63.00 74.00 NOTE

Check Details

Version: 2.0.9
Check: LazyData
Result: NOTE
     'LazyData' is specified without a 'data' directory
Flavors: r-devel-linux-x86_64-debian-clang, r-devel-linux-x86_64-debian-gcc, r-devel-linux-x86_64-fedora-clang, r-devel-linux-x86_64-fedora-gcc, r-devel-windows-x86_64, r-patched-linux-x86_64, r-release-linux-x86_64, r-release-macos-arm64, r-release-macos-x86_64, r-release-windows-x86_64, r-oldrel-macos-arm64, r-oldrel-macos-x86_64, r-oldrel-windows-ix86+x86_64