CRAN Package Check Results for Package GENEAread

Last updated on 2021-10-26 08:10:03 CEST.

Flavor Version Tinstall Tcheck Ttotal Status Flags
r-devel-linux-x86_64-debian-clang 2.0.9 5.60 38.94 44.54 NOTE
r-devel-linux-x86_64-debian-gcc 2.0.9 5.14 29.92 35.06 NOTE
r-devel-linux-x86_64-fedora-clang 2.0.9 66.18 NOTE
r-devel-linux-x86_64-fedora-gcc 2.0.9 55.42 NOTE
r-devel-windows-x86_64 2.0.9 10.00 40.00 50.00 NOTE
r-devel-windows-x86_64-gcc10-UCRT 2.0.9 NOTE
r-patched-linux-x86_64 2.0.9 6.52 38.42 44.94 NOTE
r-patched-solaris-x86 2.0.9 73.70 NOTE
r-release-linux-x86_64 2.0.9 5.23 38.19 43.42 NOTE
r-release-macos-arm64 2.0.9 NOTE
r-release-macos-x86_64 2.0.9 NOTE
r-release-windows-ix86+x86_64 2.0.9 7.00 56.00 63.00 NOTE
r-oldrel-macos-x86_64 2.0.9 OK
r-oldrel-windows-ix86+x86_64 2.0.9 35.00 58.00 93.00 OK

Check Details

Version: 2.0.9
Check: LazyData
Result: NOTE
     'LazyData' is specified without a 'data' directory
Flavors: r-devel-linux-x86_64-debian-clang, r-devel-linux-x86_64-debian-gcc, r-devel-linux-x86_64-fedora-clang, r-devel-linux-x86_64-fedora-gcc, r-devel-windows-x86_64, r-devel-windows-x86_64-gcc10-UCRT, r-patched-linux-x86_64, r-patched-solaris-x86, r-release-linux-x86_64, r-release-macos-arm64, r-release-macos-x86_64, r-release-windows-ix86+x86_64