CRAN Package Check Results for Package GDINA

Last updated on 2021-11-27 19:49:34 CET.

Flavor Version Tinstall Tcheck Ttotal Status Flags
r-devel-linux-x86_64-debian-clang 2.8.7 OK
r-devel-linux-x86_64-debian-gcc 2.8.7 171.49 83.44 254.93 OK
r-devel-linux-x86_64-fedora-clang 2.8.7 535.60 NOTE
r-devel-linux-x86_64-fedora-gcc 2.8.7 471.00 OK
r-devel-windows-x86_64-new-UL 2.8.7 311.00 197.00 508.00 OK
r-devel-windows-x86_64-new-TK 2.8.7 OK
r-devel-windows-x86_64-old 2.8.7 236.00 129.00 365.00 OK
r-patched-linux-x86_64 2.8.7 215.56 105.66 321.22 OK
r-patched-solaris-x86 2.8.7 430.10 OK
r-release-linux-x86_64 2.8.7 OK
r-release-macos-arm64 2.8.7 NOTE
r-release-macos-x86_64 2.8.7 NOTE
r-release-windows-ix86+x86_64 2.8.7 581.00 181.00 762.00 OK
r-oldrel-macos-x86_64 2.8.7 NOTE
r-oldrel-windows-ix86+x86_64 2.8.7 578.00 188.00 766.00 OK

Check Details

Version: 2.8.7
Check: installed package size
Result: NOTE
     installed size is 12.8Mb
     sub-directories of 1Mb or more:
     libs 11.8Mb
Flavors: r-devel-linux-x86_64-fedora-clang, r-release-macos-arm64, r-release-macos-x86_64, r-oldrel-macos-x86_64