CRAN Package Check Results for Package GCalcium

Last updated on 2021-09-22 08:50:09 CEST.

Flavor Version Tinstall Tcheck Ttotal Status Flags
r-devel-linux-x86_64-debian-clang 1.0.0 4.41 47.61 52.02 OK
r-devel-linux-x86_64-debian-gcc 1.0.0 3.41 36.06 39.47 OK
r-devel-linux-x86_64-fedora-clang 1.0.0 70.98 OK
r-devel-linux-x86_64-fedora-gcc 1.0.0 58.93 OK
r-devel-windows-x86_64 1.0.0 7.00 54.00 61.00 OK
r-devel-windows-x86_64-gcc10-UCRT 1.0.0 ERROR
r-patched-linux-x86_64 1.0.0 4.54 43.90 48.44 OK
r-patched-solaris-x86 1.0.0 83.60 OK
r-release-linux-x86_64 1.0.0 3.76 44.26 48.02 OK
r-release-macos-arm64 1.0.0 OK
r-release-macos-x86_64 1.0.0 OK
r-release-windows-ix86+x86_64 1.0.0 11.00 65.00 76.00 OK
r-oldrel-macos-x86_64 1.0.0 OK
r-oldrel-windows-ix86+x86_64 1.0.0 10.00 50.00 60.00 OK

Check Details

Version: 1.0.0
Check: PDF version of manual
Result: WARN
    LaTeX errors when creating PDF version.
    This typically indicates Rd problems.
Flavor: r-devel-windows-x86_64-gcc10-UCRT

Version: 1.0.0
Check: PDF version of manual without hyperrefs or index
Result: ERROR
    Re-running with no redirection of stdout/stderr.
Flavor: r-devel-windows-x86_64-gcc10-UCRT