CRAN Package Check Results for Package GB2

Last updated on 2021-09-27 20:48:18 CEST.

Flavor Version Tinstall Tcheck Ttotal Status Flags
r-devel-linux-x86_64-debian-clang 2.1 9.59 88.75 98.34 NOTE
r-devel-linux-x86_64-debian-gcc 2.1 8.17 66.99 75.16 NOTE
r-devel-linux-x86_64-fedora-clang 2.1 128.63 NOTE
r-devel-linux-x86_64-fedora-gcc 2.1 123.42 NOTE
r-devel-windows-x86_64 2.1 12.00 86.00 98.00 NOTE
r-devel-windows-x86_64-gcc10-UCRT 2.1 NOTE
r-patched-linux-x86_64 2.1 10.97 85.06 96.03 NOTE
r-patched-solaris-x86 2.1 167.30 NOTE
r-release-linux-x86_64 2.1 10.81 85.31 96.12 NOTE
r-release-macos-arm64 2.1 NOTE
r-release-macos-x86_64 2.1 NOTE
r-release-windows-ix86+x86_64 2.1 23.00 110.00 133.00 NOTE
r-oldrel-macos-x86_64 2.1 NOTE
r-oldrel-windows-ix86+x86_64 2.1 16.00 87.00 103.00 NOTE

Check Details

Version: 2.1
Check: package dependencies
Result: NOTE
    Package suggested but not available for checking: 'simFrame'
Flavors: r-devel-linux-x86_64-debian-clang, r-devel-linux-x86_64-debian-gcc, r-devel-linux-x86_64-fedora-clang, r-devel-linux-x86_64-fedora-gcc, r-devel-windows-x86_64-gcc10-UCRT, r-patched-linux-x86_64, r-patched-solaris-x86, r-release-linux-x86_64

Version: 2.1
Check: R code for possible problems
Result: NOTE
    contindic.gb2: no visible global function definition for 'contour'
    contindic.gb2: no visible global function definition for 'box'
    contindic.gb2: no visible global function definition for 'mtext'
    contprof.gb2: no visible global function definition for 'image'
    contprof.gb2: no visible global function definition for 'heat.colors'
    contprof.gb2: no visible global function definition for 'contour'
    contprof.gb2: no visible global function definition for 'text'
    contprof.gb2: no visible global function definition for 'box'
    dplot.cavgb2: no visible global function definition for 'par'
    dplot.cavgb2: no visible global function definition for 'curve'
    dplot.cavgb2: no visible global function definition for 'legend'
    dplot.cavgb2: no visible global function definition for 'lines'
    dplot.cgb2: no visible global function definition for 'curve'
    dplot.cgb2: no visible global function definition for 'lines'
    dplot.cgb2: no visible global function definition for 'legend'
    plotsML.gb2: no visible global function definition for 'par'
    plotsML.gb2: no visible global function definition for 'abline'
    plotsML.gb2: no visible global function definition for 'curve'
    plotsML.gb2: no visible global function definition for 'legend'
    saveplot : <local>: no visible global function definition for 'dev.set'
    saveplot : <local>: no visible global function definition for
     'dev.print'
    saveplot : <local>: no visible binding for global variable 'pdf'
    Undefined global functions or variables:
     abline box contour curve dev.print dev.set heat.colors image legend
     lines mtext par pdf text
    Consider adding
     importFrom("grDevices", "dev.print", "dev.set", "heat.colors", "pdf")
     importFrom("graphics", "abline", "box", "contour", "curve", "image",
     "legend", "lines", "mtext", "par", "text")
    to your NAMESPACE file.
Flavors: r-devel-linux-x86_64-debian-clang, r-devel-linux-x86_64-debian-gcc, r-devel-linux-x86_64-fedora-clang, r-devel-linux-x86_64-fedora-gcc, r-devel-windows-x86_64, r-devel-windows-x86_64-gcc10-UCRT, r-patched-linux-x86_64, r-patched-solaris-x86, r-release-linux-x86_64, r-release-macos-arm64, r-release-macos-x86_64, r-release-windows-ix86+x86_64, r-oldrel-macos-x86_64, r-oldrel-windows-ix86+x86_64