CRAN Package Check Results for Package FrF2

Last updated on 2020-07-11 09:48:54 CEST.

Flavor Version Tinstall Tcheck Ttotal Status Flags
r-devel-linux-x86_64-debian-clang 2.2-2 16.02 146.68 162.70 OK
r-devel-linux-x86_64-debian-gcc 2.2-2 13.56 106.37 119.93 OK
r-devel-linux-x86_64-fedora-clang 2.2-2 201.43 NOTE
r-devel-linux-x86_64-fedora-gcc 2.2-2 187.28 OK
r-devel-windows-ix86+x86_64 2.2-2 26.00 201.00 227.00 OK
r-patched-linux-x86_64 2.2-2 16.16 144.39 160.55 OK
r-patched-solaris-x86 2.2-2 238.20 OK
r-release-linux-x86_64 2.2-2 15.82 142.57 158.39 OK
r-release-osx-x86_64 2.2-2 OK
r-release-windows-ix86+x86_64 2.2-2 22.00 165.00 187.00 OK
r-oldrel-osx-x86_64 2.2-2 OK
r-oldrel-windows-ix86+x86_64 2.2-2 32.00 199.00 231.00 OK

Check Details

Version: 2.2-2
Check: Rd cross-references
Result: NOTE
    Undeclared package ‘DoE.wrapper’ in Rd xrefs
Flavor: r-devel-linux-x86_64-fedora-clang