CRAN Package Check Results for Package ForestFit

Last updated on 2021-09-22 08:50:08 CEST.

Flavor Version Tinstall Tcheck Ttotal Status Flags
r-devel-linux-x86_64-debian-clang 0.7.1 11.54 72.53 84.07 OK
r-devel-linux-x86_64-debian-gcc 0.7.1 9.46 51.97 61.43 OK
r-devel-linux-x86_64-fedora-clang 0.7.1 110.20 OK
r-devel-linux-x86_64-fedora-gcc 0.7.1 98.29 OK
r-devel-windows-x86_64 0.7.1 16.00 62.00 78.00 OK
r-devel-windows-x86_64-gcc10-UCRT 0.7.1 ERROR
r-patched-linux-x86_64 0.7.1 11.40 69.39 80.79 OK
r-patched-solaris-x86 0.7.1 123.30 OK
r-release-linux-x86_64 0.7.1 11.42 69.02 80.44 OK
r-release-macos-arm64 0.7.1 OK
r-release-macos-x86_64 0.7.1 OK
r-release-windows-ix86+x86_64 0.7.1 21.00 82.00 103.00 OK
r-oldrel-macos-x86_64 0.7.1 OK
r-oldrel-windows-ix86+x86_64 0.7.1 17.00 65.00 82.00 OK

Check Details

Version: 0.7.1
Check: PDF version of manual
Result: WARN
    LaTeX errors when creating PDF version.
    This typically indicates Rd problems.
Flavor: r-devel-windows-x86_64-gcc10-UCRT

Version: 0.7.1
Check: PDF version of manual without hyperrefs or index
Result: ERROR
    Re-running with no redirection of stdout/stderr.
Flavor: r-devel-windows-x86_64-gcc10-UCRT