CRAN Package Check Results for Package FixSeqMTP

Last updated on 2022-08-07 21:56:23 CEST.

Flavor Version Tinstall Tcheck Ttotal Status Flags
r-devel-linux-x86_64-debian-clang 0.1.2 2.31 32.11 34.42 NOTE
r-devel-linux-x86_64-debian-gcc 0.1.2 2.17 24.10 26.27 NOTE
r-devel-linux-x86_64-fedora-clang 0.1.2 53.68 NOTE
r-devel-linux-x86_64-fedora-gcc 0.1.2 50.58 NOTE
r-devel-windows-x86_64 0.1.2 21.00 55.00 76.00 NOTE
r-patched-linux-x86_64 0.1.2 2.76 30.20 32.96 NOTE
r-release-linux-x86_64 0.1.2 2.11 30.54 32.65 NOTE
r-release-macos-arm64 0.1.2 16.00 NOTE
r-release-macos-x86_64 0.1.2 24.00 NOTE
r-release-windows-x86_64 0.1.2 16.00 55.00 71.00 NOTE
r-oldrel-macos-arm64 0.1.2 18.00 NOTE
r-oldrel-macos-x86_64 0.1.2 29.00 NOTE
r-oldrel-windows-ix86+x86_64 0.1.2 5.00 48.00 53.00 NOTE

Check Details

Version: 0.1.2
Check: LazyData
Result: NOTE
     'LazyData' is specified without a 'data' directory
Flavors: r-devel-linux-x86_64-debian-clang, r-devel-linux-x86_64-debian-gcc, r-devel-linux-x86_64-fedora-clang, r-devel-linux-x86_64-fedora-gcc, r-devel-windows-x86_64, r-patched-linux-x86_64, r-release-linux-x86_64, r-release-macos-arm64, r-release-macos-x86_64, r-release-windows-x86_64, r-oldrel-macos-arm64, r-oldrel-macos-x86_64, r-oldrel-windows-ix86+x86_64