CRAN Package Check Results for Package FinAsym

Last updated on 2021-09-21 08:49:42 CEST.

Flavor Version Tinstall Tcheck Ttotal Status Flags
r-devel-linux-x86_64-debian-clang 1.0 2.10 21.76 23.86 OK
r-devel-linux-x86_64-debian-gcc 1.0 1.46 16.71 18.17 OK
r-devel-linux-x86_64-fedora-clang 1.0 37.48 OK
r-devel-linux-x86_64-fedora-gcc 1.0 26.92 OK
r-devel-windows-x86_64 1.0 3.00 25.00 28.00 OK
r-devel-windows-x86_64-gcc10-UCRT 1.0 ERROR
r-patched-linux-x86_64 1.0 1.99 20.83 22.82 OK
r-patched-solaris-x86 1.0 43.30 OK
r-release-linux-x86_64 1.0 1.88 20.84 22.72 OK
r-release-macos-arm64 1.0 OK
r-release-macos-x86_64 1.0 OK
r-release-windows-ix86+x86_64 1.0 4.00 33.00 37.00 OK
r-oldrel-macos-x86_64 1.0 OK
r-oldrel-windows-ix86+x86_64 1.0 4.00 31.00 35.00 OK

Check Details

Version: 1.0
Check: whether package can be installed
Result: WARN
    Found the following significant warnings:
     WARNING: installation-time patches will not be applied, could not get the patches index
Flavor: r-devel-windows-x86_64-gcc10-UCRT

Version: 1.0
Check: PDF version of manual
Result: WARN
    LaTeX errors when creating PDF version.
    This typically indicates Rd problems.
Flavor: r-devel-windows-x86_64-gcc10-UCRT

Version: 1.0
Check: PDF version of manual without hyperrefs or index
Result: ERROR
    Re-running with no redirection of stdout/stderr.
Flavor: r-devel-windows-x86_64-gcc10-UCRT