Last updated on 2023-06-08 21:52:06 CEST.
Flavor | Version | Tinstall | Tcheck | Ttotal | Status | Flags |
---|---|---|---|---|---|---|
r-devel-linux-x86_64-debian-clang | 1.3.1 | 26.00 | 750.67 | 776.67 | OK | |
r-devel-linux-x86_64-debian-gcc | 1.3.1 | 25.69 | 532.66 | 558.35 | OK | |
r-devel-linux-x86_64-fedora-clang | 1.3.1 | 1014.11 | NOTE | |||
r-devel-linux-x86_64-fedora-gcc | 1.3.1 | 984.85 | OK | |||
r-devel-windows-x86_64 | 1.3.1 | 25.00 | 468.00 | 493.00 | NOTE | |
r-patched-linux-x86_64 | 1.3.1 | 30.69 | 713.21 | 743.90 | OK | |
r-release-linux-x86_64 | 1.3.1 | 26.87 | 700.86 | 727.73 | OK | |
r-release-macos-arm64 | 1.3.1 | 240.00 | NOTE | |||
r-release-macos-x86_64 | 1.3.1 | 555.00 | NOTE | |||
r-release-windows-x86_64 | 1.3.1 | 35.00 | 633.00 | 668.00 | NOTE | |
r-oldrel-macos-arm64 | 1.3.1 | 200.00 | NOTE | |||
r-oldrel-macos-x86_64 | 1.3.1 | 284.00 | NOTE | |||
r-oldrel-windows-x86_64 | 1.3.1 | 36.00 | 626.00 | 662.00 | NOTE |
Version: 1.3.1
Check: installed package size
Result: NOTE
installed size is 5.3Mb
sub-directories of 1Mb or more:
R 1.0Mb
doc 2.2Mb
help 1.1Mb
Flavors: r-devel-linux-x86_64-fedora-clang, r-devel-windows-x86_64, r-release-macos-arm64, r-release-macos-x86_64, r-release-windows-x86_64, r-oldrel-macos-arm64, r-oldrel-macos-x86_64, r-oldrel-windows-x86_64