CRAN Package Check Results for Package Fgmutils

Last updated on 2021-09-27 08:49:35 CEST.

Flavor Version Tinstall Tcheck Ttotal Status Flags
r-devel-linux-x86_64-debian-clang 0.9.5 10.79 85.24 96.03 NOTE
r-devel-linux-x86_64-debian-gcc 0.9.5 8.33 64.02 72.35 NOTE
r-devel-linux-x86_64-fedora-clang 0.9.5 125.14 NOTE
r-devel-linux-x86_64-fedora-gcc 0.9.5 113.01 NOTE
r-devel-windows-x86_64 0.9.5 12.00 73.00 85.00 NOTE
r-devel-windows-x86_64-gcc10-UCRT 0.9.5 NOTE
r-patched-linux-x86_64 0.9.5 11.47 81.32 92.79 NOTE
r-patched-solaris-x86 0.9.5 173.50 NOTE
r-release-linux-x86_64 0.9.5 11.73 82.18 93.91 NOTE
r-release-macos-arm64 0.9.5 NOTE
r-release-macos-x86_64 0.9.5 NOTE
r-release-windows-ix86+x86_64 0.9.5 21.00 100.00 121.00 NOTE
r-oldrel-macos-x86_64 0.9.5 OK
r-oldrel-windows-ix86+x86_64 0.9.5 19.00 70.00 89.00 OK

Check Details

Version: 0.9.5
Check: LazyData
Result: NOTE
     'LazyData' is specified without a 'data' directory
Flavors: r-devel-linux-x86_64-debian-clang, r-devel-linux-x86_64-debian-gcc, r-devel-linux-x86_64-fedora-clang, r-devel-linux-x86_64-fedora-gcc, r-devel-windows-x86_64, r-devel-windows-x86_64-gcc10-UCRT, r-patched-linux-x86_64, r-patched-solaris-x86, r-release-linux-x86_64, r-release-macos-arm64, r-release-macos-x86_64, r-release-windows-ix86+x86_64