CRAN Package Check Results for Package FeatureHashing

Last updated on 2021-09-22 08:50:07 CEST.

Flavor Version Tinstall Tcheck Ttotal Status Flags
r-devel-linux-x86_64-debian-clang 0.9.1.4 88.28 118.97 207.25 OK
r-devel-linux-x86_64-debian-gcc 0.9.1.4 54.77 92.87 147.64 OK
r-devel-linux-x86_64-fedora-clang 0.9.1.4 279.43 OK
r-devel-linux-x86_64-fedora-gcc 0.9.1.4 249.56 OK
r-devel-windows-x86_64 0.9.1.4 74.00 118.00 192.00 OK
r-devel-windows-x86_64-gcc10-UCRT 0.9.1.4 ERROR
r-patched-linux-x86_64 0.9.1.4 64.78 115.24 180.02 OK
r-patched-solaris-x86 0.9.1.4 305.30 OK
r-release-linux-x86_64 0.9.1.4 71.89 114.24 186.13 OK
r-release-macos-arm64 0.9.1.4 NOTE
r-release-macos-x86_64 0.9.1.4 OK
r-release-windows-ix86+x86_64 0.9.1.4 189.00 222.00 411.00 OK
r-oldrel-macos-x86_64 0.9.1.4 OK
r-oldrel-windows-ix86+x86_64 0.9.1.4 140.00 167.00 307.00 OK

Check Details

Version: 0.9.1.4
Check: whether package can be installed
Result: ERROR
    Installation failed.
Flavor: r-devel-windows-x86_64-gcc10-UCRT

Version: 0.9.1.4
Check: installed package size
Result: NOTE
     installed size is 5.7Mb
     sub-directories of 1Mb or more:
     libs 5.0Mb
Flavor: r-release-macos-arm64