CRAN Package Check Results for Package FastRCS

Last updated on 2020-07-14 09:50:28 CEST.

Flavor Version Tinstall Tcheck Ttotal Status Flags
r-devel-linux-x86_64-debian-clang 0.0.8 38.40 23.87 62.27 OK
r-devel-linux-x86_64-debian-gcc 0.0.8 29.38 20.81 50.19 OK
r-devel-linux-x86_64-fedora-clang 0.0.8 91.50 NOTE
r-devel-linux-x86_64-fedora-gcc 0.0.8 81.67 OK
r-devel-windows-ix86+x86_64 0.0.8 74.00 77.00 151.00 OK
r-patched-linux-x86_64 0.0.8 33.50 25.83 59.33 OK
r-patched-solaris-x86 0.0.8 78.30 OK
r-release-linux-x86_64 0.0.8 33.78 25.62 59.40 OK
r-release-macos-x86_64 0.0.8 ERROR
r-release-windows-ix86+x86_64 0.0.8 81.00 76.00 157.00 OK
r-oldrel-macos-x86_64 0.0.8 NOTE
r-oldrel-windows-ix86+x86_64 0.0.8 66.00 79.00 145.00 OK

Check Details

Version: 0.0.8
Check: installed package size
Result: NOTE
     installed size is 18.1Mb
     sub-directories of 1Mb or more:
     libs 18.0Mb
Flavors: r-devel-linux-x86_64-fedora-clang, r-oldrel-macos-x86_64

Version: 0.0.8
Check: whether package can be installed
Result: ERROR
    Installation failed.
Flavor: r-release-macos-x86_64