CRAN Package Check Results for Package FastKNN

Last updated on 2021-09-21 08:49:41 CEST.

Flavor Version Tinstall Tcheck Ttotal Status Flags
r-devel-linux-x86_64-debian-clang 0.0.1 1.76 22.27 24.03 OK
r-devel-linux-x86_64-debian-gcc 0.0.1 1.29 17.89 19.18 OK
r-devel-linux-x86_64-fedora-clang 0.0.1 38.81 OK
r-devel-linux-x86_64-fedora-gcc 0.0.1 27.93 OK
r-devel-windows-x86_64 0.0.1 3.00 28.00 31.00 OK
r-devel-windows-x86_64-gcc10-UCRT 0.0.1 ERROR
r-patched-linux-x86_64 0.0.1 1.86 21.88 23.74 OK
r-patched-solaris-x86 0.0.1 43.70 OK
r-release-linux-x86_64 0.0.1 1.74 21.67 23.41 OK
r-release-macos-arm64 0.0.1 OK
r-release-macos-x86_64 0.0.1 OK
r-release-windows-ix86+x86_64 0.0.1 5.00 37.00 42.00 OK
r-oldrel-macos-x86_64 0.0.1 OK
r-oldrel-windows-ix86+x86_64 0.0.1 5.00 31.00 36.00 OK

Check Details

Version: 0.0.1
Check: whether package can be installed
Result: WARN
    Found the following significant warnings:
     WARNING: installation-time patches will not be applied, could not get the patches index
Flavor: r-devel-windows-x86_64-gcc10-UCRT

Version: 0.0.1
Check: PDF version of manual
Result: WARN
    LaTeX errors when creating PDF version.
    This typically indicates Rd problems.
Flavor: r-devel-windows-x86_64-gcc10-UCRT

Version: 0.0.1
Check: PDF version of manual without hyperrefs or index
Result: ERROR
    Re-running with no redirection of stdout/stderr.
Flavor: r-devel-windows-x86_64-gcc10-UCRT