CRAN Package Check Results for Package FastHCS

Last updated on 2020-07-14 09:50:28 CEST.

Flavor Version Tinstall Tcheck Ttotal Status Flags
r-devel-linux-x86_64-debian-clang 0.0.7 39.48 26.05 65.53 OK
r-devel-linux-x86_64-debian-gcc 0.0.7 32.60 22.29 54.89 OK
r-devel-linux-x86_64-fedora-clang 0.0.7 101.22 NOTE
r-devel-linux-x86_64-fedora-gcc 0.0.7 90.74 NOTE
r-devel-windows-ix86+x86_64 0.0.7 86.00 79.00 165.00 OK
r-patched-linux-x86_64 0.0.7 38.46 27.40 65.86 OK
r-patched-solaris-x86 0.0.7 80.90 OK
r-release-linux-x86_64 0.0.7 40.24 27.41 67.65 OK
r-release-macos-x86_64 0.0.7 ERROR
r-release-windows-ix86+x86_64 0.0.7 92.00 78.00 170.00 OK
r-oldrel-macos-x86_64 0.0.7 NOTE
r-oldrel-windows-ix86+x86_64 0.0.7 75.00 52.00 127.00 OK

Check Details

Version: 0.0.7
Check: installed package size
Result: NOTE
     installed size is 16.8Mb
     sub-directories of 1Mb or more:
     data 1.3Mb
     libs 15.4Mb
Flavors: r-devel-linux-x86_64-fedora-clang, r-oldrel-macos-x86_64

Version: 0.0.7
Check: compiled code
Result: NOTE
    File ‘FastHCS/libs/FastHCS.so’:
     Found no calls to: ‘R_registerRoutines’, ‘R_useDynamicSymbols’
    
    It is good practice to register native routines and to disable symbol
    search.
    
    See ‘Writing portable packages’ in the ‘Writing R Extensions’ manual.
Flavors: r-devel-linux-x86_64-fedora-clang, r-devel-linux-x86_64-fedora-gcc

Version: 0.0.7
Check: whether package can be installed
Result: ERROR
    Installation failed.
Flavor: r-release-macos-x86_64