CRAN Package Check Results for Package FSelector

Last updated on 2024-06-18 21:48:20 CEST.

Flavor Version Tinstall Tcheck Ttotal Status Flags
r-devel-linux-x86_64-debian-clang 0.34 9.74 80.57 90.31 NOTE
r-devel-linux-x86_64-debian-gcc 0.34 7.19 58.34 65.53 NOTE
r-devel-linux-x86_64-fedora-clang 0.34 112.20 NOTE
r-devel-linux-x86_64-fedora-gcc 0.34 117.36 NOTE
r-devel-windows-x86_64 0.34 10.00 75.00 85.00 NOTE
r-patched-linux-x86_64 0.34 10.07 79.89 89.96 NOTE
r-release-linux-x86_64 0.34 7.52 78.70 86.22 NOTE
r-release-macos-arm64 0.34 30.00 NOTE
r-release-macos-x86_64 0.34 43.00 NOTE
r-release-windows-x86_64 0.34 8.00 75.00 83.00 NOTE
r-oldrel-macos-arm64 0.34 37.00 OK
r-oldrel-macos-x86_64 0.34 71.00 OK
r-oldrel-windows-x86_64 0.34 10.00 82.00 92.00 OK

Check Details

Version: 0.34
Check: Rd files
Result: NOTE checkRd: (-1) FSelector-package.Rd:14: Lost braces in \itemize; meant \describe ? checkRd: (-1) FSelector-package.Rd:15: Lost braces in \itemize; meant \describe ? checkRd: (-1) FSelector-package.Rd:16: Lost braces in \itemize; meant \describe ? checkRd: (-1) FSelector-package.Rd:17: Lost braces in \itemize; meant \describe ? checkRd: (-1) relief.Rd:21: Lost braces in \itemize; meant \describe ? checkRd: (-1) relief.Rd:22: Lost braces in \itemize; meant \describe ? Flavors: r-devel-linux-x86_64-debian-clang, r-devel-linux-x86_64-debian-gcc, r-devel-linux-x86_64-fedora-clang, r-devel-linux-x86_64-fedora-gcc, r-devel-windows-x86_64, r-patched-linux-x86_64, r-release-linux-x86_64, r-release-macos-arm64, r-release-macos-x86_64, r-release-windows-x86_64