CRAN Package Check Results for Package FRK

Last updated on 2019-08-23 10:48:13 CEST.

Flavor Version Tinstall Tcheck Ttotal Status Flags
r-devel-linux-x86_64-debian-clang 0.2.2 37.89 503.37 541.26 NOTE
r-devel-linux-x86_64-debian-gcc 0.2.2 30.61 396.22 426.83 NOTE
r-devel-linux-x86_64-fedora-clang 0.2.2 664.49 NOTE
r-devel-linux-x86_64-fedora-gcc 0.2.2 697.18 NOTE
r-devel-windows-ix86+x86_64 0.2.2 60.00 332.00 392.00 NOTE --no-vignettes
r-patched-linux-x86_64 0.2.2 34.67 508.85 543.52 NOTE
r-patched-solaris-x86 0.2.2 1038.60 NOTE
r-release-linux-x86_64 0.2.2 31.72 517.43 549.15 NOTE
r-release-windows-ix86+x86_64 0.2.2 89.00 491.00 580.00 NOTE --no-vignettes
r-release-osx-x86_64 0.2.2 NOTE
r-oldrel-windows-ix86+x86_64 0.2.2 82.00 519.00 601.00 NOTE --no-vignettes
r-oldrel-osx-x86_64 0.2.2 NOTE

Check Details

Version: 0.2.2
Check: package dependencies
Result: NOTE
    Packages suggested but not available for checking: 'dggrids', 'INLA'
Flavors: r-devel-linux-x86_64-debian-clang, r-devel-linux-x86_64-debian-gcc, r-patched-linux-x86_64, r-patched-solaris-x86, r-release-linux-x86_64, r-release-osx-x86_64

Version: 0.2.2
Check: package dependencies
Result: NOTE
    Package suggested but not available for checking: ‘dggrids’
Flavors: r-devel-linux-x86_64-fedora-clang, r-devel-linux-x86_64-fedora-gcc

Version: 0.2.2
Check: installed package size
Result: NOTE
     installed size is 8.2Mb
     sub-directories of 1Mb or more:
     data 4.8Mb
     doc 2.1Mb
Flavors: r-devel-linux-x86_64-fedora-clang, r-patched-solaris-x86, r-release-osx-x86_64, r-oldrel-osx-x86_64

Version: 0.2.2
Flags: --no-vignettes
Check: package dependencies
Result: NOTE
    Package suggested but not available for checking: 'dggrids'
Flavors: r-devel-windows-ix86+x86_64, r-release-windows-ix86+x86_64, r-oldrel-windows-ix86+x86_64

Version: 0.2.2
Flags: --no-vignettes
Check: installed package size
Result: NOTE
     installed size is 9.1Mb
     sub-directories of 1Mb or more:
     data 4.8Mb
     doc 2.1Mb
     libs 1.4Mb
Flavors: r-devel-windows-ix86+x86_64, r-release-windows-ix86+x86_64, r-oldrel-windows-ix86+x86_64

Version: 0.2.2
Check: package dependencies
Result: NOTE
    Packages suggested but not available for checking: ‘dggrids’ ‘INLA’
Flavor: r-oldrel-osx-x86_64