CRAN Package Check Results for Package FMStable

Last updated on 2020-10-28 07:49:45 CET.

Flavor Version Tinstall Tcheck Ttotal Status Flags
r-devel-linux-x86_64-debian-clang 0.1-2 4.03 27.20 31.23 NOTE
r-devel-linux-x86_64-debian-gcc 0.1-2 3.39 21.40 24.79 NOTE
r-devel-linux-x86_64-fedora-clang 0.1-2 46.18 NOTE
r-devel-linux-x86_64-fedora-gcc 0.1-2 39.02 NOTE
r-devel-windows-ix86+x86_64 0.1-2 10.00 45.00 55.00 NOTE
r-patched-linux-x86_64 0.1-2 NOTE
r-patched-solaris-x86 0.1-2 51.40 NOTE
r-release-linux-x86_64 0.1-2 3.89 25.95 29.84 NOTE
r-release-macos-x86_64 0.1-2 NOTE
r-release-windows-ix86+x86_64 0.1-2 8.00 48.00 56.00 NOTE
r-oldrel-macos-x86_64 0.1-2 NOTE
r-oldrel-windows-ix86+x86_64 0.1-2 14.00 55.00 69.00 NOTE

Check Details

Version: 0.1-2
Check: R code for possible problems
Result: NOTE
    BSOptionValue: no visible global function definition for 'pnorm'
    ImpliedVol: no visible global function definition for 'uniroot'
    callFMstable: no visible global function definition for 'integrate'
    fitGivenQuantile: no visible global function definition for 'uniroot'
    matchQuartiles: no visible global function definition for 'optim'
    putFMstable: no visible global function definition for 'integrate'
    standardStableQuantile: no visible global function definition for
     'qnorm'
    tailsGstable: no visible global function definition for 'integrate'
    Undefined global functions or variables:
     integrate optim pnorm qnorm uniroot
    Consider adding
     importFrom("stats", "integrate", "optim", "pnorm", "qnorm", "uniroot")
    to your NAMESPACE file.
Flavors: r-devel-linux-x86_64-debian-clang, r-devel-linux-x86_64-debian-gcc, r-devel-linux-x86_64-fedora-clang, r-devel-linux-x86_64-fedora-gcc, r-devel-windows-ix86+x86_64, r-patched-linux-x86_64, r-patched-solaris-x86, r-release-linux-x86_64, r-release-macos-x86_64, r-release-windows-ix86+x86_64, r-oldrel-macos-x86_64, r-oldrel-windows-ix86+x86_64

Version: 0.1-2
Check: compiled code
Result: NOTE
    File ‘FMStable/libs/FMStable.so’:
     Found no calls to: ‘R_registerRoutines’, ‘R_useDynamicSymbols’
    
    It is good practice to register native routines and to disable symbol
    search.
    
    See ‘Writing portable packages’ in the ‘Writing R Extensions’ manual.
Flavors: r-devel-linux-x86_64-fedora-clang, r-devel-linux-x86_64-fedora-gcc