CRAN Package Check Results for Package FMP

Last updated on 2021-09-20 08:50:15 CEST.

Flavor Version Tinstall Tcheck Ttotal Status Flags
r-devel-linux-x86_64-debian-clang 1.4 3.01 27.13 30.14 OK
r-devel-linux-x86_64-debian-gcc 1.4 2.23 20.74 22.97 OK
r-devel-linux-x86_64-fedora-clang 1.4 44.36 OK
r-devel-linux-x86_64-fedora-gcc 1.4 34.09 OK
r-devel-windows-x86_64 1.4 3.00 32.00 35.00 OK
r-devel-windows-x86_64-gcc10-UCRT 1.4 ERROR
r-patched-linux-x86_64 1.4 2.90 25.70 28.60 OK
r-patched-solaris-x86 1.4 50.00 OK
r-release-linux-x86_64 1.4 2.59 25.82 28.41 OK
r-release-macos-arm64 1.4 OK
r-release-macos-x86_64 1.4 OK
r-release-windows-ix86+x86_64 1.4 6.00 41.00 47.00 OK
r-oldrel-macos-x86_64 1.4 OK
r-oldrel-windows-ix86+x86_64 1.4 5.00 38.00 43.00 OK

Check Details

Version: 1.4
Check: whether package can be installed
Result: WARN
    Found the following significant warnings:
     WARNING: installation-time patches will not be applied, could not get the patches index
Flavor: r-devel-windows-x86_64-gcc10-UCRT

Version: 1.4
Check: PDF version of manual
Result: WARN
    LaTeX errors when creating PDF version.
    This typically indicates Rd problems.
Flavor: r-devel-windows-x86_64-gcc10-UCRT

Version: 1.4
Check: PDF version of manual without hyperrefs or index
Result: ERROR
    Re-running with no redirection of stdout/stderr.
Flavor: r-devel-windows-x86_64-gcc10-UCRT