CRAN Package Check Results for Package FME

Last updated on 2021-09-27 08:49:35 CEST.

Flavor Version Tinstall Tcheck Ttotal Status Flags
r-devel-linux-x86_64-debian-clang 1.3.6.1 7.54 239.13 246.67 NOTE
r-devel-linux-x86_64-debian-gcc 1.3.6.1 7.02 171.38 178.40 NOTE
r-devel-linux-x86_64-fedora-clang 1.3.6.1 286.81 NOTE
r-devel-linux-x86_64-fedora-gcc 1.3.6.1 292.57 NOTE
r-devel-windows-x86_64 1.3.6.1 12.00 216.00 228.00 NOTE
r-devel-windows-x86_64-gcc10-UCRT 1.3.6.1 NOTE
r-patched-linux-x86_64 1.3.6.1 10.37 227.08 237.45 NOTE
r-patched-solaris-x86 1.3.6.1 352.70 NOTE
r-release-linux-x86_64 1.3.6.1 7.32 229.14 236.46 NOTE
r-release-macos-arm64 1.3.6.1 NOTE
r-release-macos-x86_64 1.3.6.1 NOTE
r-release-windows-ix86+x86_64 1.3.6.1 17.00 328.00 345.00 NOTE
r-oldrel-macos-x86_64 1.3.6.1 OK
r-oldrel-windows-ix86+x86_64 1.3.6.1 12.00 243.00 255.00 OK

Check Details

Version: 1.3.6.1
Check: LazyData
Result: NOTE
     'LazyData' is specified without a 'data' directory
Flavors: r-devel-linux-x86_64-debian-clang, r-devel-linux-x86_64-debian-gcc, r-devel-linux-x86_64-fedora-clang, r-devel-linux-x86_64-fedora-gcc, r-devel-windows-x86_64, r-devel-windows-x86_64-gcc10-UCRT, r-patched-linux-x86_64, r-patched-solaris-x86, r-release-linux-x86_64, r-release-macos-arm64, r-release-macos-x86_64, r-release-windows-ix86+x86_64