CRAN Package Check Results for Package FLightR

Last updated on 2019-10-21 09:51:13 CEST.

Flavor Version Tinstall Tcheck Ttotal Status Flags
r-devel-linux-x86_64-debian-clang 0.4.9 9.77 159.95 169.72 OK
r-devel-linux-x86_64-debian-gcc 0.4.9 8.78 118.93 127.71 OK
r-devel-linux-x86_64-fedora-clang 0.4.9 195.97 NOTE
r-devel-linux-x86_64-fedora-gcc 0.4.9 192.11 NOTE
r-devel-windows-ix86+x86_64 0.4.9 18.00 187.00 205.00 OK
r-patched-linux-x86_64 0.4.9 7.82 152.90 160.72 OK
r-patched-solaris-x86 0.4.9 300.40 NOTE
r-release-linux-x86_64 0.4.9 8.42 157.22 165.64 OK
r-release-windows-ix86+x86_64 0.4.9 20.00 252.00 272.00 OK
r-release-osx-x86_64 0.4.9 NOTE
r-oldrel-windows-ix86+x86_64 0.4.9 13.00 198.00 211.00 OK
r-oldrel-osx-x86_64 0.4.9 NOTE

Check Details

Version: 0.4.9
Check: dependencies in R code
Result: NOTE
    Namespace in Imports field not imported from: ‘rgdal’
     All declared Imports should be used.
Flavors: r-devel-linux-x86_64-fedora-clang, r-devel-linux-x86_64-fedora-gcc, r-patched-solaris-x86, r-release-osx-x86_64, r-oldrel-osx-x86_64