CRAN Package Check Results for Package FLLat

Last updated on 2021-09-22 08:50:08 CEST.

Flavor Version Tinstall Tcheck Ttotal Status Flags
r-devel-linux-x86_64-debian-clang 1.2-1 4.74 48.42 53.16 OK
r-devel-linux-x86_64-debian-gcc 1.2-1 2.97 42.26 45.23 OK
r-devel-linux-x86_64-fedora-clang 1.2-1 73.42 OK
r-devel-linux-x86_64-fedora-gcc 1.2-1 66.83 OK
r-devel-windows-x86_64 1.2-1 5.00 55.00 60.00 OK
r-devel-windows-x86_64-gcc10-UCRT 1.2-1 ERROR
r-patched-linux-x86_64 1.2-1 4.85 51.20 56.05 OK
r-patched-solaris-x86 1.2-1 113.00 OK
r-release-linux-x86_64 1.2-1 4.30 51.15 55.45 OK
r-release-macos-arm64 1.2-1 OK
r-release-macos-x86_64 1.2-1 OK
r-release-windows-ix86+x86_64 1.2-1 12.00 92.00 104.00 OK
r-oldrel-macos-x86_64 1.2-1 OK
r-oldrel-windows-ix86+x86_64 1.2-1 10.00 70.00 80.00 OK

Check Details

Version: 1.2-1
Check: whether package can be installed
Result: ERROR
    Installation failed.
Flavor: r-devel-windows-x86_64-gcc10-UCRT