CRAN Package Check Results for Package FKF.SP

Last updated on 2021-09-22 08:50:07 CEST.

Flavor Version Tinstall Tcheck Ttotal Status Flags
r-devel-linux-x86_64-debian-clang 0.1.2 3.02 48.16 51.18 OK
r-devel-linux-x86_64-debian-gcc 0.1.2 2.33 39.07 41.40 OK
r-devel-linux-x86_64-fedora-clang 0.1.2 71.64 NOTE
r-devel-linux-x86_64-fedora-gcc 0.1.2 59.84 NOTE
r-devel-windows-x86_64 0.1.2 4.00 51.00 55.00 OK
r-devel-windows-x86_64-gcc10-UCRT 0.1.2 ERROR
r-patched-linux-x86_64 0.1.2 2.95 45.92 48.87 OK
r-patched-solaris-x86 0.1.2 93.30 NOTE
r-release-linux-x86_64 0.1.2 2.86 46.64 49.50 OK
r-release-macos-arm64 0.1.2 NOTE
r-release-macos-x86_64 0.1.2 NOTE
r-release-windows-ix86+x86_64 0.1.2 9.00 72.00 81.00 OK
r-oldrel-macos-x86_64 0.1.2 NOTE
r-oldrel-windows-ix86+x86_64 0.1.2 7.00 48.00 55.00 OK

Check Details

Version: 0.1.2
Check: dependencies in R code
Result: NOTE
    Namespaces in Imports field not imported from:
     ‘Rdpack’ ‘curl’ ‘mathjaxr’
     All declared Imports should be used.
Flavors: r-devel-linux-x86_64-fedora-clang, r-devel-linux-x86_64-fedora-gcc, r-patched-solaris-x86, r-release-macos-arm64, r-release-macos-x86_64, r-oldrel-macos-x86_64

Version: 0.1.2
Check: whether package can be installed
Result: ERROR
    Installation failed.
Flavor: r-devel-windows-x86_64-gcc10-UCRT