CRAN Package Check Results for Package FIESTA

Last updated on 2024-02-26 07:50:00 CET.

Flavor Version Tinstall Tcheck Ttotal Status Flags
r-devel-linux-x86_64-debian-clang 3.6.2 60.30 529.03 589.33 OK
r-devel-linux-x86_64-debian-gcc 3.6.2 51.38 387.12 438.50 OK
r-devel-linux-x86_64-fedora-clang 3.6.2 753.65 NOTE
r-devel-linux-x86_64-fedora-gcc 3.6.2 699.04 OK
r-devel-windows-x86_64 3.6.2 50.00 325.00 375.00 NOTE
r-patched-linux-x86_64 3.6.2 55.19 483.29 538.48 OK
r-release-linux-x86_64 3.6.2 57.03 478.28 535.31 OK
r-release-macos-arm64 3.6.2 163.00 NOTE
r-release-macos-x86_64 3.6.2 308.00 NOTE
r-release-windows-x86_64 3.6.2 72.00 426.00 498.00 NOTE
r-oldrel-macos-arm64 3.6.2 130.00 NOTE
r-oldrel-windows-x86_64 3.6.2 72.00 395.00 467.00 NOTE

Check Details

Version: 3.6.2
Check: installed package size
Result: NOTE installed size is 10.4Mb sub-directories of 1Mb or more: R 4.6Mb doc 2.1Mb extdata 2.1Mb Flavors: r-devel-linux-x86_64-fedora-clang, r-devel-windows-x86_64, r-release-macos-arm64, r-release-macos-x86_64, r-release-windows-x86_64, r-oldrel-macos-arm64, r-oldrel-windows-x86_64