CRAN Package Check Results for Package FDRestimation

Last updated on 2024-02-26 19:50:08 CET.

Flavor Version Tinstall Tcheck Ttotal Status Flags
r-devel-linux-x86_64-debian-clang 1.0.1 3.12 27.48 30.60 NOTE
r-devel-linux-x86_64-debian-gcc 1.0.1 2.38 21.28 23.66 NOTE
r-devel-linux-x86_64-fedora-clang 1.0.1 38.52 NOTE
r-devel-linux-x86_64-fedora-gcc 1.0.1 37.22 NOTE
r-devel-windows-x86_64 1.0.1 3.00 43.00 46.00 OK
r-patched-linux-x86_64 1.0.1 2.87 27.34 30.21 OK
r-release-linux-x86_64 1.0.1 2.47 27.05 29.52 OK
r-release-macos-arm64 1.0.1 19.00 OK
r-release-macos-x86_64 1.0.1 23.00 OK
r-release-windows-x86_64 1.0.1 4.00 44.00 48.00 OK
r-oldrel-macos-arm64 1.0.1 19.00 OK
r-oldrel-windows-x86_64 1.0.1 4.00 48.00 52.00 OK

Check Details

Version: 1.0.1
Check: Rd files
Result: NOTE checkRd: (-1) p.fdr.Rd:30: Lost braces 30 | \item{adjust.method}{A string used to identify the p-value and false discovery rate adjustment method. Defaults to \code{BH}. Options are \code{BH}, \code{BY}, code{Bon},\code{Holm}, \code{Hoch}, and \code{Sidak}.} | ^ Flavors: r-devel-linux-x86_64-debian-clang, r-devel-linux-x86_64-debian-gcc, r-devel-linux-x86_64-fedora-clang, r-devel-linux-x86_64-fedora-gcc