CRAN Package Check Results for Package FCPS

Last updated on 2021-10-21 20:52:33 CEST.

Flavor Version Tinstall Tcheck Ttotal Status Flags
r-devel-linux-x86_64-debian-clang 1.3.0 13.28 181.47 194.75 OK
r-devel-linux-x86_64-debian-gcc 1.3.0 9.86 130.36 140.22 OK
r-devel-linux-x86_64-fedora-clang 1.3.0 238.33 NOTE
r-devel-linux-x86_64-fedora-gcc 1.3.0 221.94 OK
r-devel-windows-x86_64 1.3.0 22.00 245.00 267.00 NOTE
r-devel-windows-x86_64-gcc10-UCRT 1.3.0 NOTE
r-patched-linux-x86_64 1.3.0 12.86 167.01 179.87 OK
r-patched-solaris-x86 1.3.0 240.50 NOTE
r-release-linux-x86_64 1.3.0 10.90 167.14 178.04 OK
r-release-macos-arm64 1.3.0 NOTE
r-release-macos-x86_64 1.3.0 NOTE
r-release-windows-ix86+x86_64 1.3.0 19.00 230.00 249.00 NOTE
r-oldrel-macos-x86_64 1.3.0 NOTE
r-oldrel-windows-ix86+x86_64 1.3.0 26.00 234.00 260.00 NOTE

Check Details

Version: 1.3.0
Check: installed package size
Result: NOTE
     installed size is 6.5Mb
     sub-directories of 1Mb or more:
     data 2.4Mb
     doc 3.5Mb
Flavors: r-devel-linux-x86_64-fedora-clang, r-devel-windows-x86_64, r-patched-solaris-x86, r-release-macos-arm64, r-release-macos-x86_64, r-release-windows-ix86+x86_64, r-oldrel-macos-x86_64, r-oldrel-windows-ix86+x86_64

Version: 1.3.0
Check: package dependencies
Result: NOTE
    Package suggested but not available for checking: 'mstknnclust'
Flavor: r-devel-windows-x86_64-gcc10-UCRT

Version: 1.3.0
Check: Rd cross-references
Result: NOTE
    Package unavailable to check Rd xrefs: 'mstknnclust'
Flavor: r-devel-windows-x86_64-gcc10-UCRT