CRAN Package Check Results for Package FCMapper

Last updated on 2020-07-14 09:50:28 CEST.

Flavor Version Tinstall Tcheck Ttotal Status Flags
r-devel-linux-x86_64-debian-clang 1.1 2.40 20.11 22.51 OK
r-devel-linux-x86_64-debian-gcc 1.1 1.90 15.92 17.82 OK
r-devel-linux-x86_64-fedora-clang 1.1 36.39 OK
r-devel-linux-x86_64-fedora-gcc 1.1 28.94 OK
r-devel-windows-ix86+x86_64 1.1 7.00 46.00 53.00 OK
r-patched-linux-x86_64 1.1 2.39 20.02 22.41 OK
r-patched-solaris-x86 1.1 41.10 OK
r-release-linux-x86_64 1.1 1.81 20.50 22.31 OK
r-release-macos-x86_64 1.1 ERROR
r-release-windows-ix86+x86_64 1.1 6.00 31.00 37.00 OK
r-oldrel-macos-x86_64 1.1 FAIL
r-oldrel-windows-ix86+x86_64 1.1 5.00 41.00 46.00 OK

Check Details

Version: 1.1
Check: whether package can be installed
Result: ERROR
    Installation failed.
Flavor: r-release-macos-x86_64

Version: 1.1
Check: examples
Result: FAIL
Flavor: r-oldrel-macos-x86_64