CRAN Package Check Results for Package FAOSTAT

Last updated on 2021-10-24 20:51:02 CEST.

Flavor Version Tinstall Tcheck Ttotal Status Flags
r-devel-linux-x86_64-debian-clang 2.2.1 6.29 69.07 75.36 OK
r-devel-linux-x86_64-debian-gcc 2.2.1 5.29 51.11 56.40 OK
r-devel-linux-x86_64-fedora-clang 2.2.1 100.61 NOTE
r-devel-linux-x86_64-fedora-gcc 2.2.1 89.33 NOTE
r-devel-windows-x86_64 2.2.1 12.00 100.00 112.00 OK
r-devel-windows-x86_64-gcc10-UCRT 2.2.1 NOTE
r-patched-linux-x86_64 2.2.1 6.71 63.93 70.64 OK
r-patched-solaris-x86 2.2.1 130.30 NOTE
r-release-linux-x86_64 2.2.1 6.42 64.51 70.93 OK
r-release-macos-arm64 2.2.1 NOTE
r-release-macos-x86_64 2.2.1 NOTE
r-release-windows-ix86+x86_64 2.2.1 11.00 99.00 110.00 OK
r-oldrel-macos-x86_64 2.2.1 NOTE
r-oldrel-windows-ix86+x86_64 2.2.1 17.00 138.00 155.00 OK

Check Details

Version: 2.2.1
Check: data for non-ASCII characters
Result: NOTE
     Note: found 179 marked UTF-8 strings
Flavors: r-devel-linux-x86_64-fedora-clang, r-devel-linux-x86_64-fedora-gcc, r-devel-windows-x86_64-gcc10-UCRT, r-patched-solaris-x86, r-release-macos-arm64, r-release-macos-x86_64, r-oldrel-macos-x86_64