CRAN Package Check Results for Package FAMILY

Last updated on 2021-12-06 19:50:38 CET.

Flavor Version Tinstall Tcheck Ttotal Status Flags
r-devel-linux-x86_64-debian-clang 0.1.19 3.94 74.74 78.68 NOTE
r-devel-linux-x86_64-debian-gcc 0.1.19 3.79 54.84 58.63 NOTE
r-devel-linux-x86_64-fedora-clang 0.1.19 92.60 NOTE
r-devel-linux-x86_64-fedora-gcc 0.1.19 81.60 NOTE
r-devel-windows-x86_64-new-UL 0.1.19 10.00 111.00 121.00 NOTE
r-devel-windows-x86_64-new-TK 0.1.19 NOTE
r-devel-windows-x86_64-old 0.1.19 8.00 66.00 74.00 NOTE
r-patched-linux-x86_64 0.1.19 3.77 61.99 65.76 NOTE
r-release-linux-x86_64 0.1.19 3.72 69.46 73.18 NOTE
r-release-macos-arm64 0.1.19 NOTE
r-release-macos-x86_64 0.1.19 NOTE
r-release-windows-ix86+x86_64 0.1.19 12.00 89.00 101.00 NOTE
r-oldrel-macos-x86_64 0.1.19 NOTE
r-oldrel-windows-ix86+x86_64 0.1.19 10.00 90.00 100.00 NOTE

Check Details

Version: 0.1.19
Check: R code for possible problems
Result: NOTE
    coef.FAMILY: no visible global function definition for 'glm'
    coef.FAMILY: no visible global function definition for 'lm'
    fm2v: no visible global function definition for 'na.omit'
    l_inf_prox: no visible global function definition for 'tail'
    predict.FAMILY: no visible global function definition for 'coef'
    predict.FAMILY: no visible global function definition for 'lm'
    predict.FAMILY: no visible global function definition for 'predict'
    predict.FAMILY: no visible global function definition for 'glm'
    predict.FAMILY: no visible global function definition for 'predict.glm'
    v2fm: no visible global function definition for 'tail'
    Undefined global functions or variables:
     coef glm lm na.omit predict predict.glm tail
    Consider adding
     importFrom("stats", "coef", "glm", "lm", "na.omit", "predict",
     "predict.glm")
     importFrom("utils", "tail")
    to your NAMESPACE file.
Flavors: r-devel-linux-x86_64-debian-clang, r-devel-linux-x86_64-debian-gcc, r-devel-linux-x86_64-fedora-clang, r-devel-linux-x86_64-fedora-gcc, r-devel-windows-x86_64-new-UL, r-devel-windows-x86_64-new-TK, r-devel-windows-x86_64-old, r-patched-linux-x86_64, r-release-linux-x86_64, r-release-macos-arm64, r-release-macos-x86_64, r-release-windows-ix86+x86_64, r-oldrel-macos-x86_64, r-oldrel-windows-ix86+x86_64