CRAN Package Check Results for Package EurosarcBayes

Last updated on 2021-10-24 08:51:53 CEST.

Flavor Version Tinstall Tcheck Ttotal Status Flags
r-devel-linux-x86_64-debian-clang 1.1 9.72 100.38 110.10 OK
r-devel-linux-x86_64-debian-gcc 1.1 8.56 72.29 80.85 OK
r-devel-linux-x86_64-fedora-clang 1.1 141.30 OK
r-devel-linux-x86_64-fedora-gcc 1.1 130.01 OK
r-devel-windows-x86_64 1.1 18.00 130.00 148.00 OK
r-devel-windows-x86_64-gcc10-UCRT 1.1 OK
r-patched-linux-x86_64 1.1 14.72 94.13 108.85 OK
r-patched-solaris-x86 1.1 172.80 OK
r-release-linux-x86_64 1.1 9.13 94.12 103.25 OK
r-release-macos-arm64 1.1 OK
r-release-macos-x86_64 1.1 OK
r-release-windows-ix86+x86_64 1.1 16.00 126.00 142.00 OK
r-oldrel-macos-x86_64 1.1 OK
r-oldrel-windows-ix86+x86_64 1.1 3.00 12.00 15.00 ERROR

Check Details

Version: 1.1
Check: whether package can be installed
Result: ERROR
    Installation failed.
Flavor: r-oldrel-windows-ix86+x86_64