CRAN Package Check Results for Package EpiReport

Last updated on 2019-08-23 10:48:12 CEST.

Flavor Version Tinstall Tcheck Ttotal Status Flags
r-devel-linux-x86_64-debian-clang 0.1.0 5.28 70.28 75.56 NOTE
r-devel-linux-x86_64-debian-gcc 0.1.0 3.94 58.64 62.58 NOTE
r-devel-linux-x86_64-fedora-clang 0.1.0 88.93 NOTE
r-devel-linux-x86_64-fedora-gcc 0.1.0 83.62 NOTE
r-devel-windows-ix86+x86_64 0.1.0 11.00 73.00 84.00 OK
r-patched-linux-x86_64 0.1.0 4.15 67.67 71.82 OK
r-patched-solaris-x86 0.1.0 132.70 NOTE
r-release-linux-x86_64 0.1.0 4.78 70.87 75.65 OK
r-release-windows-ix86+x86_64 0.1.0 11.00 103.00 114.00 OK
r-release-osx-x86_64 0.1.0 WARN
r-oldrel-windows-ix86+x86_64 0.1.0 11.00 107.00 118.00 OK
r-oldrel-osx-x86_64 0.1.0 WARN

Check Details

Version: 0.1.0
Check: for non-standard things in the check directory
Result: NOTE
    Found the following files/directories:
     'AnnualEpidemiologicalReport_SALM2016.docx' 'Empty_AER_template.docx'
Flavors: r-devel-linux-x86_64-debian-clang, r-devel-linux-x86_64-debian-gcc, r-devel-linux-x86_64-fedora-clang, r-devel-linux-x86_64-fedora-gcc

Version: 0.1.0
Check: dependencies in R code
Result: NOTE
    Namespaces in Imports field not imported from:
     ‘extrafont’ ‘graphics’ ‘knitr’ ‘rmarkdown’ ‘utils’
     All declared Imports should be used.
Flavors: r-devel-linux-x86_64-fedora-clang, r-devel-linux-x86_64-fedora-gcc, r-patched-solaris-x86, r-release-osx-x86_64, r-oldrel-osx-x86_64

Version: 0.1.0
Check: re-building of vignette outputs
Result: WARN
    Error(s) in re-building vignettes:
     ...
    --- re-building ‘EpiReport_Vignette.Rmd’ using rmarkdown
    Warning in engine$weave(file, quiet = quiet, encoding = enc) :
     Pandoc (>= 1.12.3) and/or pandoc-citeproc not available. Falling back to R Markdown v1.
    Quitting from lines 367-368 (EpiReport_Vignette.Rmd)
    Error: processing vignette 'EpiReport_Vignette.Rmd' failed with diagnostics:
    `render_flextable` needs to be used as a renderer for a knitr/rmarkdown R code chunk (render by rmarkdown)
    --- failed re-building ‘EpiReport_Vignette.Rmd’
    
    SUMMARY: processing the following file failed:
     ‘EpiReport_Vignette.Rmd’
    
    Error: Vignette re-building failed.
    Execution halted
Flavor: r-release-osx-x86_64

Version: 0.1.0
Check: re-building of vignette outputs
Result: WARN
    Error in re-building vignettes:
     ...
    Warning in engine$weave(file, quiet = quiet, encoding = enc) :
     Pandoc (>= 1.12.3) and/or pandoc-citeproc not available. Falling back to R Markdown v1.
    Quitting from lines 367-368 (EpiReport_Vignette.Rmd)
    Error: processing vignette 'EpiReport_Vignette.Rmd' failed with diagnostics:
    `render_flextable` needs to be used as a renderer for a knitr/rmarkdown R code chunk (render by rmarkdown)
    Execution halted
Flavor: r-oldrel-osx-x86_64