Last updated on 2025-01-17 21:49:30 CET.
Flavor | Version | Tinstall | Tcheck | Ttotal | Status | Flags |
---|---|---|---|---|---|---|
r-devel-linux-x86_64-debian-clang | 2.4-2 | 5.92 | 68.21 | 74.13 | OK | |
r-devel-linux-x86_64-debian-gcc | 2.4-2 | 3.96 | 53.27 | 57.23 | OK | |
r-devel-linux-x86_64-fedora-clang | 2.4-2 | 124.38 | NOTE | |||
r-devel-linux-x86_64-fedora-gcc | 2.4-2 | 131.00 | NOTE | |||
r-devel-windows-x86_64 | 2.4-2 | 7.00 | 141.00 | 148.00 | OK | |
r-patched-linux-x86_64 | 2.4-2 | 4.96 | 65.12 | 70.08 | OK | |
r-release-linux-x86_64 | 2.4-2 | 4.62 | 64.18 | 68.80 | OK | |
r-release-macos-arm64 | 2.4-2 | 40.00 | OK | |||
r-release-macos-x86_64 | 2.4-2 | 69.00 | OK | |||
r-release-windows-x86_64 | 2.4-2 | 6.00 | 140.00 | 146.00 | OK | |
r-oldrel-macos-arm64 | 2.4-2 | 43.00 | OK | |||
r-oldrel-macos-x86_64 | 2.4-2 | 61.00 | OK | |||
r-oldrel-windows-x86_64 | 2.4-2 | 8.00 | 127.00 | 135.00 | OK |
Version: 2.4-2
Check: dependencies in R code
Result: NOTE
Namespace in Imports field not imported from: ‘tibble’
All declared Imports should be used.
Flavors: r-devel-linux-x86_64-fedora-clang, r-devel-linux-x86_64-fedora-gcc