CRAN Package Check Results for Package EpiCurve

Last updated on 2024-02-24 19:50:38 CET.

Flavor Version Tinstall Tcheck Ttotal Status Flags
r-devel-linux-x86_64-debian-clang 2.4-2 7.17 85.90 93.07 OK
r-devel-linux-x86_64-debian-gcc 2.4-2 5.51 63.78 69.29 OK
r-devel-linux-x86_64-fedora-clang 2.4-2 128.39 NOTE
r-devel-linux-x86_64-fedora-gcc 2.4-2 125.28 NOTE
r-devel-windows-x86_64 2.4-2 7.00 134.00 141.00 OK
r-patched-linux-x86_64 2.4-2 5.46 81.47 86.93 OK
r-release-linux-x86_64 2.4-2 5.84 81.33 87.17 OK
r-release-macos-arm64 2.4-2 43.00 OK
r-release-macos-x86_64 2.4-2 61.00 OK
r-release-windows-x86_64 2.4-2 9.00 128.00 137.00 OK
r-oldrel-macos-arm64 2.4-2 37.00 NOTE
r-oldrel-windows-x86_64 2.4-2 9.00 136.00 145.00 OK

Check Details

Version: 2.4-2
Check: dependencies in R code
Result: NOTE Namespace in Imports field not imported from: ‘tibble’ All declared Imports should be used. Flavors: r-devel-linux-x86_64-fedora-clang, r-devel-linux-x86_64-fedora-gcc, r-oldrel-macos-arm64