CRAN Package Check Results for Package EntropyMCMC

Last updated on 2019-10-21 09:51:12 CEST.

Flavor Version Tinstall Tcheck Ttotal Status Flags
r-devel-linux-x86_64-debian-clang 1.0.4 8.63 71.27 79.90 OK
r-devel-linux-x86_64-debian-gcc 1.0.4 7.34 56.15 63.49 OK
r-devel-linux-x86_64-fedora-clang 1.0.4 96.40 OK
r-devel-linux-x86_64-fedora-gcc 1.0.4 93.90 OK
r-devel-windows-ix86+x86_64 1.0.4 17.00 164.00 181.00 OK
r-patched-linux-x86_64 1.0.4 7.65 69.85 77.50 OK
r-patched-solaris-x86 1.0.4 133.30 OK
r-release-linux-x86_64 1.0.4 7.54 70.75 78.29 OK
r-release-windows-ix86+x86_64 1.0.4 22.00 118.00 140.00 OK
r-release-osx-x86_64 1.0.4 NOTE
r-oldrel-windows-ix86+x86_64 1.0.4 13.00 105.00 118.00 OK
r-oldrel-osx-x86_64 1.0.4 NOTE

Check Details

Version: 1.0.4
Check: package dependencies
Result: NOTE
    Package suggested but not available for checking: ‘Rmpi’
Flavors: r-release-osx-x86_64, r-oldrel-osx-x86_64