CRAN Package Check Results for Package EntropyMCMC

Last updated on 2020-05-29 10:47:21 CEST.

Flavor Version Tinstall Tcheck Ttotal Status Flags
r-devel-linux-x86_64-debian-clang 1.0.4 11.25 97.73 108.98 OK
r-devel-linux-x86_64-debian-gcc 1.0.4 9.27 74.59 83.86 OK
r-devel-linux-x86_64-fedora-clang 1.0.4 142.14 OK
r-devel-linux-x86_64-fedora-gcc 1.0.4 129.86 OK
r-devel-windows-ix86+x86_64 1.0.4 29.00 173.00 202.00 OK
r-patched-linux-x86_64 1.0.4 12.04 95.07 107.11 OK
r-patched-solaris-x86 1.0.4 179.40 OK
r-release-linux-x86_64 1.0.4 11.77 96.46 108.23 OK
r-release-osx-x86_64 1.0.4 NOTE
r-release-windows-ix86+x86_64 1.0.4 22.00 188.00 210.00 OK
r-oldrel-osx-x86_64 1.0.4 NOTE
r-oldrel-windows-ix86+x86_64 1.0.4 20.00 135.00 155.00 OK

Check Details

Version: 1.0.4
Check: package dependencies
Result: NOTE
    Package suggested but not available for checking: ‘Rmpi’
Flavors: r-release-osx-x86_64, r-oldrel-osx-x86_64