CRAN Package Check Results for Package EnsembleCV

Last updated on 2021-09-20 08:50:13 CEST.

Flavor Version Tinstall Tcheck Ttotal Status Flags
r-devel-linux-x86_64-debian-clang 0.8 10.29 82.03 92.32 OK
r-devel-linux-x86_64-debian-gcc 0.8 7.66 61.80 69.46 OK
r-devel-linux-x86_64-fedora-clang 0.8 120.94 OK
r-devel-linux-x86_64-fedora-gcc 0.8 107.27 OK
r-devel-windows-x86_64 0.8 10.00 80.00 90.00 OK
r-devel-windows-x86_64-gcc10-UCRT 0.8 ERROR
r-patched-linux-x86_64 0.8 12.93 77.83 90.76 OK
r-patched-solaris-x86 0.8 167.40 OK
r-release-linux-x86_64 0.8 9.58 79.62 89.20 OK
r-release-macos-arm64 0.8 OK
r-release-macos-x86_64 0.8 OK
r-release-windows-ix86+x86_64 0.8 22.00 107.00 129.00 OK
r-oldrel-macos-x86_64 0.8 OK
r-oldrel-windows-ix86+x86_64 0.8 23.00 81.00 104.00 OK

Check Details

Version: 0.8
Check: whether package can be installed
Result: WARN
    Found the following significant warnings:
     WARNING: installation-time patches will not be applied, could not get the patches index
Flavor: r-devel-windows-x86_64-gcc10-UCRT

Version: 0.8
Check: PDF version of manual
Result: WARN
    LaTeX errors when creating PDF version.
    This typically indicates Rd problems.
Flavor: r-devel-windows-x86_64-gcc10-UCRT

Version: 0.8
Check: PDF version of manual without hyperrefs or index
Result: ERROR
    Re-running with no redirection of stdout/stderr.
Flavor: r-devel-windows-x86_64-gcc10-UCRT