CRAN Package Check Results for Package EmbedSOM

Last updated on 2022-12-09 21:53:43 CET.

Flavor Version Tinstall Tcheck Ttotal Status Flags
r-devel-linux-x86_64-debian-clang 2.1.2 33.82 69.64 103.46 OK
r-devel-linux-x86_64-debian-gcc 2.1.2 20.51 51.73 72.24 OK
r-devel-linux-x86_64-fedora-clang 2.1.2 141.18 NOTE
r-devel-linux-x86_64-fedora-gcc 2.1.2 141.43 NOTE
r-devel-windows-x86_64 2.1.2 34.00 158.00 192.00 OK
r-patched-linux-x86_64 2.1.2 21.86 64.37 86.23 OK
r-release-linux-x86_64 2.1.2 23.57 66.12 89.69 OK
r-release-macos-arm64 2.1.2 47.00 NOTE
r-release-macos-x86_64 2.1.2 64.00 NOTE
r-release-windows-x86_64 2.1.2 44.00 173.00 217.00 OK
r-oldrel-macos-arm64 2.1.2 48.00 NOTE
r-oldrel-macos-x86_64 2.1.2 66.00 NOTE
r-oldrel-windows-ix86+x86_64 2.1.2 52.00 129.00 181.00 OK

Check Details

Version: 2.1.2
Check: dependencies in R code
Result: NOTE
    Namespaces in Imports field not imported from:
     ‘Matrix’ ‘Rtsne’ ‘uwot’
     All declared Imports should be used.
Flavors: r-devel-linux-x86_64-fedora-clang, r-devel-linux-x86_64-fedora-gcc, r-release-macos-arm64, r-release-macos-x86_64, r-oldrel-macos-arm64, r-oldrel-macos-x86_64