Last updated on 2023-02-01 07:53:00 CET.
Flavor | Version | Tinstall | Tcheck | Ttotal | Status | Flags |
---|---|---|---|---|---|---|
r-devel-linux-x86_64-debian-clang | 0.29.4 | 34.53 | 113.90 | 148.43 | OK | |
r-devel-linux-x86_64-debian-gcc | 0.29.4 | 26.80 | 90.91 | 117.71 | OK | |
r-devel-linux-x86_64-fedora-clang | 0.29.4 | 192.84 | NOTE | |||
r-devel-linux-x86_64-fedora-gcc | 0.29.4 | 193.28 | OK | |||
r-devel-windows-x86_64 | 0.29.4 | 43.00 | 171.00 | 214.00 | NOTE | |
r-patched-linux-x86_64 | 0.29.4 | 30.82 | 107.76 | 138.58 | OK | |
r-release-linux-x86_64 | 0.29.4 | 27.22 | 106.35 | 133.57 | OK | |
r-release-macos-arm64 | 0.29.4 | 71.00 | OK | |||
r-release-macos-x86_64 | 0.29.4 | 86.00 | OK | |||
r-release-windows-x86_64 | 0.29.4 | 40.00 | 175.00 | 215.00 | OK | |
r-oldrel-macos-arm64 | 0.29.4 | 93.00 | OK | |||
r-oldrel-macos-x86_64 | 0.29.4 | 130.00 | OK | |||
r-oldrel-windows-ix86+x86_64 | 0.29.4 | 84.00 | 181.00 | 265.00 | OK |
Version: 0.29.4
Check: Rd cross-references
Result: NOTE
Undeclared package ‘EloRating’ in Rd xrefs
Flavor: r-devel-linux-x86_64-fedora-clang
Version: 0.29.4
Check: C++ specification
Result: NOTE
Specified C++11: please update to current default of C++17
Flavor: r-devel-windows-x86_64