CRAN Package Check Results for Package EffectStars

Last updated on 2021-09-21 08:49:40 CEST.

Flavor Version Tinstall Tcheck Ttotal Status Flags
r-devel-linux-x86_64-debian-clang 1.9-1 7.83 56.05 63.88 OK
r-devel-linux-x86_64-debian-gcc 1.9-1 5.82 43.68 49.50 OK
r-devel-linux-x86_64-fedora-clang 1.9-1 88.83 NOTE
r-devel-linux-x86_64-fedora-gcc 1.9-1 74.33 OK
r-devel-windows-x86_64 1.9-1 11.00 56.00 67.00 OK
r-devel-windows-x86_64-gcc10-UCRT 1.9-1 ERROR
r-patched-linux-x86_64 1.9-1 8.30 54.32 62.62 OK
r-patched-solaris-x86 1.9-1 106.50 OK
r-release-linux-x86_64 1.9-1 7.74 54.39 62.13 OK
r-release-macos-arm64 1.9-1 OK
r-release-macos-x86_64 1.9-1 OK
r-release-windows-ix86+x86_64 1.9-1 16.00 74.00 90.00 OK
r-oldrel-macos-x86_64 1.9-1 OK
r-oldrel-windows-ix86+x86_64 1.9-1 15.00 56.00 71.00 OK

Check Details

Version: 1.9-1
Check: Rd cross-references
Result: NOTE
    Undeclared packages ‘carData’, ‘faraway’ in Rd xrefs
Flavor: r-devel-linux-x86_64-fedora-clang

Version: 1.9-1
Check: whether package can be installed
Result: WARN
    Found the following significant warnings:
     WARNING: installation-time patches will not be applied, could not get the patches index
Flavor: r-devel-windows-x86_64-gcc10-UCRT

Version: 1.9-1
Check: PDF version of manual
Result: WARN
    LaTeX errors when creating PDF version.
    This typically indicates Rd problems.
Flavor: r-devel-windows-x86_64-gcc10-UCRT

Version: 1.9-1
Check: PDF version of manual without hyperrefs or index
Result: ERROR
    Re-running with no redirection of stdout/stderr.
Flavor: r-devel-windows-x86_64-gcc10-UCRT