CRAN Package Check Results for Package Ecume

Last updated on 2024-02-22 19:55:31 CET.

Flavor Version Tinstall Tcheck Ttotal Status Flags
r-devel-linux-x86_64-debian-clang 0.9.1 NOTE
r-devel-linux-x86_64-debian-gcc 0.9.1 16.05 284.98 301.03 NOTE
r-devel-linux-x86_64-fedora-clang 0.9.1 511.06 NOTE
r-devel-linux-x86_64-fedora-gcc 0.9.1 385.27 NOTE
r-devel-windows-x86_64 0.9.1 17.00 204.00 221.00 NOTE
r-patched-linux-x86_64 0.9.1 15.02 341.01 356.03 NOTE
r-release-linux-x86_64 0.9.1 13.16 340.33 353.49 NOTE
r-release-macos-arm64 0.9.1 174.00 NOTE
r-release-macos-x86_64 0.9.1 209.00 NOTE
r-release-windows-x86_64 0.9.1 23.00 272.00 295.00 NOTE
r-oldrel-macos-arm64 0.9.1 140.00 NOTE
r-oldrel-windows-x86_64 0.9.1 23.00 374.00 397.00 NOTE

Check Details

Version: 0.9.1
Check: LazyData
Result: NOTE 'LazyData' is specified without a 'data' directory Flavors: r-devel-linux-x86_64-debian-clang, r-devel-linux-x86_64-debian-gcc, r-devel-linux-x86_64-fedora-clang, r-devel-linux-x86_64-fedora-gcc, r-devel-windows-x86_64, r-patched-linux-x86_64, r-release-linux-x86_64, r-release-macos-arm64, r-release-macos-x86_64, r-release-windows-x86_64, r-oldrel-macos-arm64, r-oldrel-windows-x86_64