CRAN Package Check Results for Package EcotoneFinder

Last updated on 2021-12-05 07:49:09 CET.

Flavor Version Tinstall Tcheck Ttotal Status Flags
r-devel-linux-x86_64-debian-clang 0.2.3 5.38 112.75 118.13 NOTE
r-devel-linux-x86_64-debian-gcc 0.2.3 4.49 84.59 89.08 NOTE
r-devel-linux-x86_64-fedora-clang 0.2.3 142.06 NOTE
r-devel-linux-x86_64-fedora-gcc 0.2.3 134.37 NOTE
r-devel-windows-x86_64-new-UL 0.2.3 15.00 153.00 168.00 NOTE
r-devel-windows-x86_64-new-TK 0.2.3 NOTE
r-devel-windows-x86_64-old 0.2.3 11.00 105.00 116.00 NOTE
r-patched-linux-x86_64 0.2.3 5.24 100.18 105.42 NOTE
r-release-linux-x86_64 0.2.3 3.92 107.43 111.35 NOTE
r-release-macos-arm64 0.2.3 NOTE
r-release-macos-x86_64 0.2.3 NOTE
r-release-windows-ix86+x86_64 0.2.3 11.00 148.00 159.00 NOTE
r-oldrel-macos-x86_64 0.2.3 NOTE
r-oldrel-windows-ix86+x86_64 0.2.3 12.00 140.00 152.00 OK

Check Details

Version: 0.2.3
Check: LazyData
Result: NOTE
     'LazyData' is specified without a 'data' directory
Flavors: r-devel-linux-x86_64-debian-clang, r-devel-linux-x86_64-debian-gcc, r-devel-linux-x86_64-fedora-clang, r-devel-linux-x86_64-fedora-gcc, r-devel-windows-x86_64-new-UL, r-devel-windows-x86_64-new-TK, r-devel-windows-x86_64-old, r-patched-linux-x86_64, r-release-linux-x86_64, r-release-macos-arm64, r-release-macos-x86_64, r-release-windows-ix86+x86_64

Version: 0.2.3
Check: dependencies in R code
Result: NOTE
    Namespaces in Imports field not imported from:
     ‘Rmisc’ ‘rlang’
     All declared Imports should be used.
Flavors: r-devel-linux-x86_64-fedora-clang, r-devel-linux-x86_64-fedora-gcc, r-devel-windows-x86_64-new-TK, r-release-macos-arm64, r-release-macos-x86_64, r-oldrel-macos-x86_64