CRAN Package Check Results for Package EcoHydRology

Last updated on 2020-10-21 08:49:13 CEST.

Flavor Version Tinstall Tcheck Ttotal Status Flags
r-devel-linux-x86_64-debian-clang 0.4.12.1 6.81 43.42 50.23 OK
r-devel-linux-x86_64-debian-gcc 0.4.12.1 5.01 33.70 38.71 OK
r-devel-linux-x86_64-fedora-clang 0.4.12.1 68.48 NOTE
r-devel-linux-x86_64-fedora-gcc 0.4.12.1 57.55 NOTE
r-devel-windows-ix86+x86_64 0.4.12.1 10.00 65.00 75.00 OK
r-patched-linux-x86_64 0.4.12.1 6.68 40.92 47.60 OK
r-patched-solaris-x86 0.4.12.1 83.70 NOTE
r-release-linux-x86_64 0.4.12.1 6.57 40.91 47.48 OK
r-release-macos-x86_64 0.4.12.1 NOTE
r-release-windows-ix86+x86_64 0.4.12.1 8.00 69.00 77.00 OK
r-oldrel-macos-x86_64 0.4.12.1 NOTE
r-oldrel-windows-ix86+x86_64 0.4.12.1 7.00 68.00 75.00 OK

Check Details

Version: 0.4.12.1
Check: data for non-ASCII characters
Result: NOTE
     Note: found 8 marked UTF-8 strings
Flavors: r-devel-linux-x86_64-fedora-clang, r-devel-linux-x86_64-fedora-gcc, r-patched-solaris-x86, r-release-macos-x86_64, r-oldrel-macos-x86_64