CRAN Package Check Results for Package EValue

Last updated on 2021-11-29 07:51:09 CET.

Flavor Version Tinstall Tcheck Ttotal Status Flags
r-devel-linux-x86_64-debian-clang 4.1.3 OK
r-devel-linux-x86_64-debian-gcc 4.1.3 9.60 91.12 100.72 OK
r-devel-linux-x86_64-fedora-clang 4.1.3 172.99 NOTE
r-devel-linux-x86_64-fedora-gcc 4.1.3 153.22 NOTE
r-devel-windows-x86_64-new-UL 4.1.3 28.00 194.00 222.00 OK
r-devel-windows-x86_64-new-TK 4.1.3 NOTE
r-devel-windows-x86_64-old 4.1.3 17.00 136.00 153.00 OK
r-patched-linux-x86_64 4.1.3 8.42 123.82 132.24 OK
r-patched-solaris-x86 4.1.3 205.80 NOTE
r-release-linux-x86_64 4.1.3 11.51 124.97 136.48 OK
r-release-macos-arm64 4.1.3 NOTE
r-release-macos-x86_64 4.1.3 NOTE
r-release-windows-ix86+x86_64 4.1.3 27.00 170.00 197.00 OK
r-oldrel-macos-x86_64 4.1.3 NOTE
r-oldrel-windows-ix86+x86_64 4.1.3 28.00 176.00 204.00 OK

Check Details

Version: 4.1.3
Check: dependencies in R code
Result: NOTE
    Namespace in Imports field not imported from: ‘metadat’
     All declared Imports should be used.
Flavors: r-devel-linux-x86_64-fedora-clang, r-devel-linux-x86_64-fedora-gcc, r-devel-windows-x86_64-new-TK, r-patched-solaris-x86, r-release-macos-arm64, r-release-macos-x86_64, r-oldrel-macos-x86_64