CRAN Package Check Results for Package EQUIVNONINF

Last updated on 2020-11-26 20:51:37 CET.

Flavor Version Tinstall Tcheck Ttotal Status Flags
r-devel-linux-x86_64-debian-clang 1.0 16.10 116.05 132.15 NOTE
r-devel-linux-x86_64-debian-gcc 1.0 11.26 83.63 94.89 NOTE
r-devel-linux-x86_64-fedora-clang 1.0 160.45 NOTE
r-devel-linux-x86_64-fedora-gcc 1.0 153.23 NOTE
r-devel-windows-ix86+x86_64 1.0 20.00 140.00 160.00 OK
r-patched-linux-x86_64 1.0 15.86 110.63 126.49 NOTE
r-patched-solaris-x86 1.0 189.80 NOTE
r-release-linux-x86_64 1.0 16.28 110.38 126.66 NOTE
r-release-macos-x86_64 1.0 OK
r-release-windows-ix86+x86_64 1.0 18.00 140.00 158.00 OK
r-oldrel-macos-x86_64 1.0 OK
r-oldrel-windows-ix86+x86_64 1.0 18.00 134.00 152.00 OK

Check Details

Version: 1.0
Check: for non-standard things in the check directory
Result: NOTE
    Found the following files/directories:
     'aeq3.out' 'ste3a.out'
Flavors: r-devel-linux-x86_64-debian-clang, r-devel-linux-x86_64-debian-gcc, r-devel-linux-x86_64-fedora-clang, r-devel-linux-x86_64-fedora-gcc, r-patched-linux-x86_64, r-patched-solaris-x86, r-release-linux-x86_64