CRAN Package Check Results for Package EILA

Last updated on 2021-09-20 08:50:13 CEST.

Flavor Version Tinstall Tcheck Ttotal Status Flags
r-devel-linux-x86_64-debian-clang 0.1-2 6.86 69.09 75.95 NOTE
r-devel-linux-x86_64-debian-gcc 0.1-2 7.59 53.75 61.34 NOTE
r-devel-linux-x86_64-fedora-clang 0.1-2 105.55 NOTE
r-devel-linux-x86_64-fedora-gcc 0.1-2 91.73 NOTE
r-devel-windows-x86_64 0.1-2 8.00 69.00 77.00 NOTE
r-devel-windows-x86_64-gcc10-UCRT 0.1-2 ERROR
r-patched-linux-x86_64 0.1-2 8.02 66.69 74.71 NOTE
r-patched-solaris-x86 0.1-2 140.90 NOTE
r-release-linux-x86_64 0.1-2 8.59 67.06 75.65 NOTE
r-release-macos-arm64 0.1-2 NOTE
r-release-macos-x86_64 0.1-2 NOTE
r-release-windows-ix86+x86_64 0.1-2 19.00 87.00 106.00 NOTE
r-oldrel-macos-x86_64 0.1-2 NOTE
r-oldrel-windows-ix86+x86_64 0.1-2 19.00 65.00 84.00 NOTE

Check Details

Version: 0.1-2
Check: DESCRIPTION meta-information
Result: NOTE
    Malformed Description field: should contain one or more complete sentences.
Flavors: r-devel-linux-x86_64-debian-clang, r-devel-linux-x86_64-debian-gcc, r-devel-linux-x86_64-fedora-clang, r-devel-linux-x86_64-fedora-gcc, r-devel-windows-x86_64, r-devel-windows-x86_64-gcc10-UCRT, r-patched-linux-x86_64, r-patched-solaris-x86, r-release-linux-x86_64, r-release-macos-arm64, r-release-macos-x86_64, r-release-windows-ix86+x86_64, r-oldrel-macos-x86_64, r-oldrel-windows-ix86+x86_64

Version: 0.1-2
Check: dependencies in R code
Result: NOTE
    Packages in Depends field not imported from:
     'class' 'quantreg'
     These packages need to be imported from (in the NAMESPACE file)
     for when this namespace is loaded but not attached.
Flavors: r-devel-linux-x86_64-debian-clang, r-devel-linux-x86_64-debian-gcc, r-devel-linux-x86_64-fedora-clang, r-devel-linux-x86_64-fedora-gcc, r-devel-windows-x86_64, r-devel-windows-x86_64-gcc10-UCRT, r-patched-linux-x86_64, r-patched-solaris-x86, r-release-linux-x86_64, r-release-macos-arm64, r-release-macos-x86_64, r-release-windows-ix86+x86_64, r-oldrel-macos-x86_64, r-oldrel-windows-ix86+x86_64

Version: 0.1-2
Check: R code for possible problems
Result: NOTE
    cluster.segment: no visible global function definition for 'kmeans'
    cluster.segment: no visible global function definition for 'knn'
    comp.anc.dist: no visible global function definition for 'wilcox.test'
    eila: no visible global function definition for 'hasArg'
    get.prob.score: no visible global function definition for 'glm'
    get.prob.score: no visible global function definition for 'binomial'
    get.prob.score: no visible binding for global variable 'logit'
    get.prob.score: no visible global function definition for 'predict'
    quantreg.est: no visible global function definition for 'rnorm'
    quantreg.est: no visible global function definition for 'rq.fit.fnb'
    Undefined global functions or variables:
     binomial glm hasArg kmeans knn logit predict rnorm rq.fit.fnb
     wilcox.test
    Consider adding
     importFrom("methods", "hasArg")
     importFrom("stats", "binomial", "glm", "kmeans", "predict", "rnorm",
     "wilcox.test")
    to your NAMESPACE file (and ensure that your DESCRIPTION Imports field
    contains 'methods').
Flavors: r-devel-linux-x86_64-debian-clang, r-devel-linux-x86_64-debian-gcc, r-devel-linux-x86_64-fedora-clang, r-devel-linux-x86_64-fedora-gcc, r-devel-windows-x86_64, r-devel-windows-x86_64-gcc10-UCRT, r-patched-linux-x86_64, r-patched-solaris-x86, r-release-linux-x86_64, r-release-macos-arm64, r-release-macos-x86_64, r-release-windows-ix86+x86_64, r-oldrel-macos-x86_64, r-oldrel-windows-ix86+x86_64

Version: 0.1-2
Check: whether package can be installed
Result: WARN
    Found the following significant warnings:
     WARNING: installation-time patches will not be applied, could not get the patches index
Flavor: r-devel-windows-x86_64-gcc10-UCRT

Version: 0.1-2
Check: PDF version of manual
Result: WARN
    LaTeX errors when creating PDF version.
    This typically indicates Rd problems.
Flavor: r-devel-windows-x86_64-gcc10-UCRT

Version: 0.1-2
Check: PDF version of manual without hyperrefs or index
Result: ERROR
    Re-running with no redirection of stdout/stderr.
Flavor: r-devel-windows-x86_64-gcc10-UCRT