Last updated on 2023-02-07 09:57:40 CET.
Flavor | Version | Tinstall | Tcheck | Ttotal | Status | Flags |
---|---|---|---|---|---|---|
r-devel-linux-x86_64-debian-clang | 0.4.4 | 104.62 | 641.92 | 746.54 | NOTE | |
r-devel-linux-x86_64-debian-gcc | 0.4.4 | 75.62 | 509.61 | 585.23 | NOTE | |
r-devel-linux-x86_64-fedora-clang | 0.4.4 | 708.12 | NOTE | |||
r-devel-linux-x86_64-fedora-gcc | 0.4.4 | 747.26 | NOTE | |||
r-devel-windows-x86_64 | 0.4.4 | 146.00 | 500.00 | 646.00 | NOTE | |
r-patched-linux-x86_64 | 0.4.4 | 88.36 | 593.45 | 681.81 | OK | |
r-release-linux-x86_64 | 0.4.4 | 78.11 | 583.63 | 661.74 | OK | |
r-release-macos-arm64 | 0.4.4 | 166.00 | OK | |||
r-release-macos-x86_64 | 0.4.4 | 229.00 | OK | |||
r-release-windows-x86_64 | 0.4.4 | 118.00 | 500.00 | 618.00 | OK | |
r-oldrel-macos-arm64 | 0.4.4 | 160.00 | OK | |||
r-oldrel-macos-x86_64 | 0.4.4 | 233.00 | OK | |||
r-oldrel-windows-ix86+x86_64 | 0.4.4 | 232.00 | 732.00 | 964.00 | OK |
Version: 0.4.4
Check: C++ specification
Result: NOTE
Specified C++11: please update to current default of C++17
Flavors: r-devel-linux-x86_64-debian-clang, r-devel-linux-x86_64-debian-gcc, r-devel-linux-x86_64-fedora-clang, r-devel-windows-x86_64
Version: 0.4.4
Check: dependencies in R code
Result: NOTE
Namespace in Imports field not imported from: ‘progress’
All declared Imports should be used.
Flavors: r-devel-linux-x86_64-fedora-clang, r-devel-linux-x86_64-fedora-gcc
Version: 0.4.4
Check: C++ specification
Result: NOTE
Specified C++11: please drop specification unless essential
Flavor: r-devel-linux-x86_64-fedora-gcc