Last updated on 2023-06-05 21:59:05 CEST.
Flavor | Version | Tinstall | Tcheck | Ttotal | Status | Flags |
---|---|---|---|---|---|---|
r-devel-linux-x86_64-debian-clang | 0.1.0 | 15.56 | 124.30 | 139.86 | OK | |
r-devel-linux-x86_64-debian-gcc | 0.1.0 | 12.08 | 94.79 | 106.87 | OK | |
r-devel-linux-x86_64-fedora-clang | 0.1.0 | 171.93 | NOTE | |||
r-devel-linux-x86_64-fedora-gcc | 0.1.0 | 162.77 | NOTE | |||
r-devel-windows-x86_64 | 0.1.0 | 14.00 | 104.00 | 118.00 | OK | |
r-patched-linux-x86_64 | 0.1.0 | 13.69 | 116.57 | 130.26 | OK | |
r-release-linux-x86_64 | 0.1.0 | 15.46 | 115.19 | 130.65 | OK | |
r-release-macos-arm64 | 0.1.0 | 53.00 | OK | |||
r-release-macos-x86_64 | 0.1.0 | 84.00 | OK | |||
r-release-windows-x86_64 | 0.1.0 | 17.00 | 123.00 | 140.00 | OK | |
r-oldrel-macos-arm64 | 0.1.0 | 48.00 | NOTE | |||
r-oldrel-macos-x86_64 | 0.1.0 | 67.00 | NOTE | |||
r-oldrel-windows-x86_64 | 0.1.0 | 18.00 | 128.00 | 146.00 | OK |
Version: 0.1.0
Check: dependencies in R code
Result: NOTE
Namespaces in Imports field not imported from:
‘reticulate’ ‘tensorflow’
All declared Imports should be used.
Flavors: r-devel-linux-x86_64-fedora-clang, r-devel-linux-x86_64-fedora-gcc, r-oldrel-macos-arm64, r-oldrel-macos-x86_64