CRAN Package Check Results for Package ECoL

Last updated on 2021-11-28 19:48:50 CET.

Flavor Version Tinstall Tcheck Ttotal Status Flags
r-devel-linux-x86_64-debian-clang 0.3.0 NOTE
r-devel-linux-x86_64-debian-gcc 0.3.0 2.52 34.91 37.43 NOTE
r-devel-linux-x86_64-fedora-clang 0.3.0 70.48 NOTE
r-devel-linux-x86_64-fedora-gcc 0.3.0 59.74 NOTE
r-devel-windows-x86_64-new-UL 0.3.0 9.00 83.00 92.00 NOTE
r-devel-windows-x86_64-new-TK 0.3.0 NOTE
r-devel-windows-x86_64-old 0.3.0 5.00 60.00 65.00 NOTE
r-patched-linux-x86_64 0.3.0 3.08 44.98 48.06 NOTE
r-patched-solaris-x86 0.3.0 82.80 NOTE
r-release-linux-x86_64 0.3.0 3.18 45.14 48.32 NOTE
r-release-macos-arm64 0.3.0 NOTE
r-release-macos-x86_64 0.3.0 NOTE
r-release-windows-ix86+x86_64 0.3.0 6.00 67.00 73.00 NOTE
r-oldrel-macos-x86_64 0.3.0 OK
r-oldrel-windows-ix86+x86_64 0.3.0 5.00 74.00 79.00 OK

Check Details

Version: 0.3.0
Check: LazyData
Result: NOTE
     'LazyData' is specified without a 'data' directory
Flavors: r-devel-linux-x86_64-debian-clang, r-devel-linux-x86_64-debian-gcc, r-devel-linux-x86_64-fedora-clang, r-devel-linux-x86_64-fedora-gcc, r-devel-windows-x86_64-new-UL, r-devel-windows-x86_64-new-TK, r-devel-windows-x86_64-old, r-patched-linux-x86_64, r-patched-solaris-x86, r-release-linux-x86_64, r-release-macos-arm64, r-release-macos-x86_64, r-release-windows-ix86+x86_64