CRAN Package Check Results for Package DrugSim2DR

Last updated on 2024-02-26 07:49:59 CET.

Flavor Version Tinstall Tcheck Ttotal Status Flags
r-devel-linux-x86_64-debian-clang 0.1.1 16.25 121.83 138.08 OK
r-devel-linux-x86_64-debian-gcc 0.1.1 13.83 90.94 104.77 OK
r-devel-linux-x86_64-fedora-clang 0.1.1 176.43 NOTE
r-devel-linux-x86_64-fedora-gcc 0.1.1 181.81 NOTE
r-devel-windows-x86_64 0.1.1 15.00 112.00 127.00 OK
r-patched-linux-x86_64 0.1.1 10.36 118.47 128.83 OK
r-release-linux-x86_64 0.1.1 15.27 118.92 134.19 OK
r-release-macos-arm64 0.1.1 58.00 OK
r-release-macos-x86_64 0.1.1 127.00 OK
r-release-windows-x86_64 0.1.1 19.00 127.00 146.00 OK
r-oldrel-macos-arm64 0.1.1 57.00 OK
r-oldrel-windows-x86_64 0.1.1 19.00 131.00 150.00 OK

Check Details

Version: 0.1.1
Check: dependencies in R code
Result: NOTE Namespace in Imports field not imported from: ‘base’ All declared Imports should be used. Flavors: r-devel-linux-x86_64-fedora-clang, r-devel-linux-x86_64-fedora-gcc