CRAN Package Check Results for Package DrillR

Last updated on 2021-09-22 08:50:05 CEST.

Flavor Version Tinstall Tcheck Ttotal Status Flags
r-devel-linux-x86_64-debian-clang 0.1 2.44 24.05 26.49 OK
r-devel-linux-x86_64-debian-gcc 0.1 2.00 19.00 21.00 OK
r-devel-linux-x86_64-fedora-clang 0.1 42.38 OK
r-devel-linux-x86_64-fedora-gcc 0.1 30.57 OK
r-devel-windows-x86_64 0.1 3.00 30.00 33.00 OK
r-devel-windows-x86_64-gcc10-UCRT 0.1 ERROR
r-patched-linux-x86_64 0.1 2.40 23.13 25.53 OK
r-patched-solaris-x86 0.1 48.10 OK
r-release-linux-x86_64 0.1 2.60 23.41 26.01 OK
r-release-macos-arm64 0.1 OK
r-release-macos-x86_64 0.1 OK
r-release-windows-ix86+x86_64 0.1 5.00 37.00 42.00 OK
r-oldrel-macos-x86_64 0.1 OK
r-oldrel-windows-ix86+x86_64 0.1 4.00 29.00 33.00 OK

Check Details

Version: 0.1
Check: PDF version of manual
Result: WARN
    LaTeX errors when creating PDF version.
    This typically indicates Rd problems.
Flavor: r-devel-windows-x86_64-gcc10-UCRT

Version: 0.1
Check: PDF version of manual without hyperrefs or index
Result: ERROR
    Re-running with no redirection of stdout/stderr.
Flavor: r-devel-windows-x86_64-gcc10-UCRT