Last updated on 2023-03-30 08:53:35 CEST.
Flavor | Version | Tinstall | Tcheck | Ttotal | Status | Flags |
---|---|---|---|---|---|---|
r-devel-linux-x86_64-debian-clang | 0.4.0.1 | 46.47 | 51.79 | 98.26 | NOTE | |
r-devel-linux-x86_64-debian-gcc | 0.4.0.1 | 33.93 | 45.54 | 79.47 | NOTE | |
r-devel-linux-x86_64-fedora-clang | 0.4.0.1 | 135.03 | NOTE | |||
r-devel-linux-x86_64-fedora-gcc | 0.4.0.1 | 118.64 | NOTE | |||
r-devel-windows-x86_64 | 0.4.0.1 | 115.00 | 0.00 | 115.00 | NOTE | |
r-patched-linux-x86_64 | 0.4.0.1 | 40.51 | 51.86 | 92.37 | NOTE | |
r-release-linux-x86_64 | 0.4.0.1 | 36.14 | 55.28 | 91.42 | OK | |
r-release-macos-arm64 | 0.4.0.1 | 33.00 | OK | |||
r-release-macos-x86_64 | 0.4.0.1 | 44.00 | OK | |||
r-release-windows-x86_64 | 0.4.0.1 | 86.00 | 93.00 | 179.00 | OK | |
r-oldrel-macos-arm64 | 0.4.0.1 | 39.00 | OK | |||
r-oldrel-macos-x86_64 | 0.4.0.1 | 67.00 | OK | |||
r-oldrel-windows-ix86+x86_64 | 0.4.0.1 | 117.00 | 107.00 | 224.00 | OK |
Version: 0.4.0.1
Check: C++ specification
Result: NOTE
Specified C++11: please drop specification unless essential
Flavors: r-devel-linux-x86_64-debian-clang, r-devel-linux-x86_64-debian-gcc, r-devel-linux-x86_64-fedora-clang, r-devel-linux-x86_64-fedora-gcc, r-devel-windows-x86_64, r-patched-linux-x86_64