CRAN Package Check Results for Package DistributionTest

Last updated on 2021-11-29 20:50:40 CET.

Flavor Version Tinstall Tcheck Ttotal Status Flags
r-devel-linux-x86_64-debian-clang 1.1 3.82 32.04 35.86 NOTE
r-devel-linux-x86_64-debian-gcc 1.1 2.00 24.72 26.72 NOTE
r-devel-linux-x86_64-fedora-clang 1.1 52.97 NOTE
r-devel-linux-x86_64-fedora-gcc 1.1 44.38 NOTE
r-devel-windows-x86_64-new-UL 1.1 7.00 62.00 69.00 NOTE
r-devel-windows-x86_64-new-TK 1.1 NOTE
r-devel-windows-x86_64-old 1.1 6.00 35.00 41.00 NOTE
r-patched-linux-x86_64 1.1 3.22 30.95 34.17 NOTE
r-patched-solaris-x86 1.1 59.40 NOTE
r-release-linux-x86_64 1.1 3.15 31.23 34.38 NOTE
r-release-macos-arm64 1.1 NOTE
r-release-macos-x86_64 1.1 NOTE
r-release-windows-ix86+x86_64 1.1 7.00 37.00 44.00 NOTE
r-oldrel-macos-x86_64 1.1 OK
r-oldrel-windows-ix86+x86_64 1.1 5.00 47.00 52.00 OK

Check Details

Version: 1.1
Check: LazyData
Result: NOTE
     'LazyData' is specified without a 'data' directory
Flavors: r-devel-linux-x86_64-debian-clang, r-devel-linux-x86_64-debian-gcc, r-devel-linux-x86_64-fedora-clang, r-devel-linux-x86_64-fedora-gcc, r-devel-windows-x86_64-new-UL, r-devel-windows-x86_64-new-TK, r-devel-windows-x86_64-old, r-patched-linux-x86_64, r-patched-solaris-x86, r-release-linux-x86_64, r-release-macos-arm64, r-release-macos-x86_64, r-release-windows-ix86+x86_64