CRAN Package Check Results for Package DirectedClustering

Last updated on 2020-07-14 09:50:25 CEST.

Flavor Version Tinstall Tcheck Ttotal Status Flags
r-devel-linux-x86_64-debian-clang 0.1.1 2.48 24.35 26.83 OK
r-devel-linux-x86_64-debian-gcc 0.1.1 1.94 19.49 21.43 OK
r-devel-linux-x86_64-fedora-clang 0.1.1 41.87 OK
r-devel-linux-x86_64-fedora-gcc 0.1.1 33.56 OK
r-devel-windows-ix86+x86_64 0.1.1 8.00 48.00 56.00 OK
r-patched-linux-x86_64 0.1.1 1.97 24.07 26.04 OK
r-patched-solaris-x86 0.1.1 49.60 OK
r-release-linux-x86_64 0.1.1 2.33 24.86 27.19 OK
r-release-macos-x86_64 0.1.1 ERROR
r-release-windows-ix86+x86_64 0.1.1 7.00 36.00 43.00 OK
r-oldrel-macos-x86_64 0.1.1 OK
r-oldrel-windows-ix86+x86_64 0.1.1 5.00 50.00 55.00 OK

Check Details

Version: 0.1.1
Check: whether package can be installed
Result: ERROR
    Installation failed.
Flavor: r-release-macos-x86_64